NOAA-Style Climate Reports


Report for 2015
                   Annual Climatological Summary for 2015

Name: East Unity, NH   City: Unity   State: NH
Elevation: 1384 ft  Lat: N 43° 17' 19"   Lon: W 072° 11' 41"

                  Temperature (°F), Heat Base: 65.0  Cool Base: 65.0
                          Dep.  Heat  Cool                       Max  Max  Min  Min
        Mean  Mean        From  Deg   Deg                        >=   <=   <=   <=
 YR MO  Max   Min   Mean  Norm  Days  Days  Hi  Date  Low  Date 80.0 32.0 32.0   0.0
------------------------------------------------------------------------------------
 15  1  24.0   7.2  16.2  -4.4  1511     0  37.2  18 -12.9    8    0   27   31    7
 15  2  20.1   1.7  11.0 -13.3  1509     0  33.0  22 -11.0   16    0   27   28   12
 15  3  35.3  17.5  26.2  -6.9  1199     0  50.1  11  -0.1    6    0   11   29    1
 15  4  51.1  34.5  42.3  -2.8   681     0  68.1  13  22.1    1    0    0   12    0
 15  5  72.0  49.3  60.8   5.0   205    77  83.3  10  34.0   23    7    0    0    0
 15  6  68.3  53.4  60.9  -4.0   165    43  77.3  11  41.9    3    0    0    0    0
 15  7  75.0  59.8  67.7  -2.3    46   130  84.8  30  50.6   16    7    0    0    0
 15  8  75.3  60.3  67.5  -1.0    41   120  84.3  18  54.1    8    4    0    0    0
 15  9  72.2  55.0  63.2   3.2   135    79  83.4   9  40.6   27    6    0    0    0
 15 10  53.3  38.7  45.7  -2.5   597     0  67.5  12  22.8   19    0    0    6    0
 15 11  48.7  33.4  40.8   2.5   725     0  69.8   6  17.9   30    0    1   14    0
 15 12  41.9  32.2  36.9  10.1   872     0  60.7  24  17.0   29    0    4   13    0
------------------------------------------------------------------------------------
        53.1  36.9  44.9  -1.4  7691   452  84.8 Jul -12.9  Jan   24   70  133   20

                                Precipitation (in)

              Dep.   Max        Days of Rain
              From   Obs.           >=
 YR MO Total  Norm   Day Date 0.01 0.10 1.00
---------------------------------------------
 15  1  2.37 -0.33  1.43  18     8    4    1
 15  2  0.89 -1.73  0.20   2    11    4    0
 15  3  0.73 -2.54  0.40  26     9    1    0
 15  4  1.86 -1.55  0.44  22    10    5    0
 15  5  1.25 -2.41  0.83  31     7    3    0
 15  6  4.75  1.06  1.14  28    16   11    1
 15  7  1.88 -1.86  0.83   1    13    6    0
 15  8  3.04 -0.14  0.86  11     8    6    0
 15  9  7.27  3.89  3.24  30     9    6    2
 15 10  2.06 -1.98  0.74   9    11    4    0
 15 11  0.87 -2.85  0.70  11     4    2    0
 15 12  2.84 -0.36  0.76  29    15    9    0
---------------------------------------------
       29.81-10.80  3.24  Sep  121   61    4

                                Wind Speed (mph)
                          Dom
 YR MO   Avg.  Hi   Date  Dir
------------------------------
 15  1   1.7  23.0    5   NNW
 15  2   1.7  24.0    2   NNW
 15  3   2.2  30.0   12   NNW
 15  4   2.1  23.0    4     N
 15  5   1.3  17.0    8   NNE
 15  6   1.0  23.0   28    NE
 15  7   0.8  17.0   10    NE
 15  8   0.7  13.0    3    NE
 15  9   0.7  19.0   30    NE
 15 10   1.1  20.0    4   NNE
 15 11   1.3  21.0   23     N
 15 12   1.1  19.0   28   NNW
------------------------------
         1.3  30.0  Mar     N