NOAA-Style Climate Reports


Report for 2014 December
                   Monthly Climatological Summary for Dec 2014

Name: East Unity, NH   City: Unity   State: NH
Elevation: 1384 ft  Lat: N 43° 17' 19"   Lon: W 072° 11' 41"

                  Temperature (°F), Rain (in), Wind Speed (mph)

                                      Heat  Cool        Avg
    Mean                              Deg   Deg         Wind                 Dom
Day Temp  High   Time   Low    Time   Days  Days  Rain  Speed High   Time    Dir
----------------------------------------------------------------------------------
 1  37.9  44.0   13:30  30.4   23:57  27.1   0.0  0.00   1.8  12.0   13:24    NW
 2  25.4  30.4   00:00  19.1   08:14  39.6   0.0  0.06   2.0  15.0   19:51    NE
 3  31.9  35.1   19:38  25.5   00:42  33.1   0.0  0.18   0.9  11.0   19:32   NNW
 4  27.8  31.9   00:00  17.6   23:57  37.1   0.0  0.00   1.8  16.0   09:32    NW
 5  22.7  30.0   14:10  14.0   06:07  42.2   0.0  0.06   1.0  10.0   11:51   ESE
 6  31.0  33.1   18:22  26.7   00:20  34.0   0.0  0.41   0.8  12.0   21:01     N
 7  20.0  31.1   00:00   7.3   23:50  44.9   0.0  0.00   2.7  18.0   04:27     N
 8  13.1  23.9   23:59   3.8   07:31  51.9   0.0  0.00   0.8  11.0   11:54   ENE
 9  29.0  32.7   21:53  22.8   01:33  36.0   0.0  0.67   3.0  17.0   17:49    NE
10  32.8  33.5   10:24  32.3   16:53  32.1   0.0  0.51   1.8  15.0   09:19    NE
11  30.1  32.3   00:00  27.4   23:54  34.9   0.0  0.02   0.0   3.0   05:16    NE
12  26.8  29.4   12:35  24.1   03:57  38.2   0.0  0.00   0.0   0.0   00:00   ---
13  27.7  31.5   13:26  25.7   23:35  37.2   0.0  0.00   0.0   0.0   00:00   ---
14  28.4  31.3   13:53  23.2   06:01  36.5   0.0  0.00   0.8  10.0   21:53   NNW
15  27.7  30.4   00:00  25.8   23:55  37.3   0.0  0.00   2.0  14.0   07:42   NNW
16  29.5  33.5   14:30  22.5   04:20  35.5   0.0  0.07   0.2   5.0   12:18    NE
17  34.5  37.2   13:21  32.7   01:49  30.5   0.0  0.41   0.8   9.0   15:49    NW
18  31.5  33.0   00:00  28.1   23:52  33.5   0.0  0.07   1.9  14.0   12:54    NW
19  24.8  28.1   00:00  20.2   23:51  40.2   0.0  0.00   2.9  13.0   11:56   NNW
20  21.6  28.2   14:58  14.4   07:55  43.3   0.0  0.00   0.4   6.0   14:32    NE
21  27.0  29.7   15:01  24.5   07:22  38.0   0.0  0.02   0.3   3.0   10:59    NE
22  30.3  34.5   13:09  27.4   02:28  34.7   0.0  0.00   0.6   6.0   14:59     E
23  34.4  36.5   22:39  32.5   00:00  30.6   0.0  0.22   1.8  13.0   11:57   ENE
24  36.5  38.9   17:44  34.8   00:08  28.5   0.0  0.32   1.0   9.0   01:25   NNE
25  40.4  47.2   05:49  35.8   22:44  24.5   0.0  0.15   2.5  18.0   12:16   NNW
26  35.1  38.4   14:44  30.1   19:59  29.7   0.0  0.00   1.9  14.0   03:15   NNW
27  35.8  40.7   13:01  31.4   00:34  29.2   0.0  0.00   0.9   8.0   23:02     S
28  36.6  40.0   12:11  30.6   23:55  28.4   0.0  0.20   1.6  13.0   21:14    NW
29  26.7  31.4   10:00  17.0   23:58  38.2   0.0  0.00   1.8  15.0   11:19    NW
30  14.5  18.6   14:30   9.1   23:51  50.5   0.0  0.00   1.2  11.0   13:51    NW
31  12.9  19.3   11:08   7.8   02:17  52.1   0.0  0.00   0.9   9.0   11:13   WNW
----------------------------------------------------------------------------------
    28.5  47.2    25     3.8     8  1129.5   0.0  3.37   1.3  18.0     7       N

Max >=  80.0:  0
Max <=  32.0: 15
Min <=  32.0: 26
Min <=   0.0:  0
Max Rain: 0.67 on day 9
Days of Rain: 15 (>= 0.01 in)  9 (>= 0.10 in)  0 (>= 1.00 in)
Heat Base: 65.0  Cool Base: 65.0  Method: Integration