NOAA-Style Climate Reports


Report for 2014 November
                   Monthly Climatological Summary for Nov 2014

Name: East Unity, NH   City: Unity   State: NH
Elevation: 1384 ft  Lat: N 43° 17' 19"   Lon: W 072° 11' 41"

                  Temperature (°F), Rain (in), Wind Speed (mph)

                                      Heat  Cool        Avg
    Mean                              Deg   Deg         Wind                 Dom
Day Temp  High   Time   Low    Time   Days  Days  Rain  Speed High   Time    Dir
----------------------------------------------------------------------------------
 1  35.4  36.8   11:32  33.7   04:32  29.6   0.0  0.16   1.8  13.0   16:16    NE
 2  33.2  35.7   14:55  31.3   05:57  33.2   0.0  0.01   5.2  24.0   05:40   NNW
 3  36.3  44.1   13:17  29.2   06:29  28.7   0.0  0.00   3.3  18.0   01:56    NW
 4  47.1  55.4   13:44  35.2   01:01  17.9   0.0  0.00   0.9   9.0   21:28     E
 5  47.8  55.9   09:59  39.0   23:30  17.1   0.0  0.00   1.3  15.0   11:58   NNW
 6  41.4  46.4   12:33  39.1   23:57  23.5   0.0  0.15   1.0  11.0   19:24     E
 7  35.4  39.1   00:00  31.7   23:37  29.6   0.0  0.02   3.2  15.0   13:44   NNW
 8  33.7  39.1   14:08  28.3   06:28  31.3   0.0  0.00   1.3  10.0   00:51   NNW
 9  38.8  47.8   12:16  33.0   23:58  26.1   0.0  0.00   1.0  11.0   14:35   NNE
10  40.3  48.4   13:22  31.2   00:55  24.7   0.0  0.00   0.6   8.0   13:11    SE
11  47.8  54.8   13:58  39.4   00:41  17.2   0.0  0.00   1.2  15.0   09:13   ENE
12  47.8  57.7   12:33  33.8   23:28  17.2   0.0  0.01   1.1  10.0   13:51   NNW
13  34.6  39.1   13:31  30.4   05:41  30.4   0.0  0.00   0.8   9.0   09:58    NW
14  30.6  34.7   13:54  26.0   23:54  34.4   0.0  0.03   1.4  13.0   14:16   NNW
15  25.6  31.0   14:25  20.8   07:01  39.2   0.0  0.00   1.5   9.0   10:16    NW
16  29.1  35.3   14:58  22.1   01:46  35.8   0.0  0.00   1.0  10.0   12:33     E
17  32.4  34.7   23:53  30.0   05:56  32.6   0.0  0.74   0.6   6.0   11:39   NNE
18  25.2  34.7   00:00  17.0   23:56  39.8   0.0  0.00   2.1  17.0   10:13   NNW
19  20.6  26.2   14:26  16.5   00:50  44.3   0.0  0.00   1.6  13.0   05:05   NNE
20  25.3  34.2   11:48  19.0   23:58  39.7   0.0  0.00   1.4  12.0   11:57     N
21  20.2  25.4   14:58  16.4   23:55  44.6   0.0  0.00   1.8  14.0   08:49    NW
22  25.3  34.1   23:13  14.9   01:41  39.7   0.0  0.00   1.2   9.0   08:57   ESE
23  41.2  47.6   12:40  33.5   00:00  23.8   0.0  0.02   0.8   8.0   00:25    SE
24  52.3  61.3   13:28  39.7   00:00  12.7   0.0  0.32   2.2  15.0   14:07     E
25  46.1  55.0   00:00  35.4   21:57  18.9   0.0  0.00   1.6  17.0   09:17    NE
26  32.0  37.8   00:02  28.2   23:47  33.0   0.0  0.69   1.8  13.0   10:10   NNE
27  26.2  28.3   00:00  23.6   23:52  38.6   0.0  0.05   1.8  11.0   15:54   NNW
28  21.8  26.7   12:12  14.7   23:43  43.2   0.0  0.00   1.1  11.0   11:49    NW
29  19.0  25.5   23:54  12.6   07:21  45.9   0.0  0.00   0.7   8.0   23:08    NW
30  35.4  40.0   17:24  25.4   00:12  29.6   0.0  0.00   1.8  12.0   07:08   NNE
----------------------------------------------------------------------------------
    34.3  61.3    24    12.6    29   922.3   0.0  2.20   1.6  24.0     2       N

Max >=  80.0:  0
Max <=  32.0:  6
Min <=  32.0: 20
Min <=   0.0:  0
Max Rain: 0.74 on day 17
Days of Rain: 11 (>= 0.01 in)  5 (>= 0.10 in)  0 (>= 1.00 in)
Heat Base: 65.0  Cool Base: 65.0  Method: Integration