NOAA-Style Climate Reports


Report for 2014 October
                   Monthly Climatological Summary for Oct 2014

Name: East Unity, NH   City: Unity   State: NH
Elevation: 1384 ft  Lat: N 43° 17' 19"   Lon: W 072° 11' 41"

                  Temperature (°F), Rain (in), Wind Speed (mph)

                                      Heat  Cool        Avg
    Mean                              Deg   Deg         Wind                 Dom
Day Temp  High   Time   Low    Time   Days  Days  Rain  Speed High   Time    Dir
----------------------------------------------------------------------------------
 1  54.4  55.8   14:16  53.6   07:07  10.5   0.0  0.23   1.7  10.0   11:43    NE
 2  54.5  62.1   15:46  48.0   23:34  10.5   0.0  0.03   0.8   9.0   06:39    NE
 3  52.9  66.2   13:48  45.2   07:10  12.1   0.0  0.01   0.8   9.0   11:47    NE
 4  53.2  56.2   21:44  50.1   03:45  11.8   0.0  1.17   1.0  11.0   11:07   NNE
 5  47.1  54.0   00:00  41.2   23:53  17.9   0.0  0.01   1.1   9.0   13:29     N
 6  48.3  58.8   14:17  36.8   06:40  16.7   0.0  0.00   1.0   9.0   12:41    NE
 7  57.1  62.5   16:04  50.0   00:00   7.9   0.0  0.11   1.4  10.0   05:49    NE
 8  55.9  60.9   14:11  47.6   23:59   9.1   0.0  0.48   1.7  14.0   05:59    NE
 9  47.8  54.8   13:09  40.6   06:26  17.2   0.0  0.00   1.3  13.0   12:36    NE
10  45.4  53.1   14:27  38.9   07:21  19.6   0.0  0.00   1.0  13.0   14:30   ENE
11  44.9  52.0   16:06  39.8   05:58  20.1   0.0  0.00   0.5   8.0   13:11     N
12  45.2  52.5   14:18  37.8   06:52  19.8   0.0  0.00   0.8  11.0   13:11   NNW
13  47.4  55.3   16:25  37.2   06:27  17.6   0.0  0.00   0.9   8.0   10:30    NE
14  60.9  69.8   13:18  52.9   00:23   4.9   0.8  0.00   1.4  11.0   13:55   ENE
15  66.1  71.7   12:41  61.8   00:12   0.9   2.0  0.01   1.3   9.0   15:03   ENE
16  64.0  67.7   11:24  56.5   23:44   1.3   0.3  0.92   0.9   7.0   18:40    NE
17  56.8  62.3   13:23  52.7   22:05   8.1   0.0  0.01   1.1  12.0   11:29   ENE
18  52.5  58.6   12:48  48.6   21:26  12.5   0.0  0.59   0.7   7.0   08:26    NE
19  41.1  49.6   00:00  32.7   23:59  24.0   0.0  0.00   2.6  12.0   03:43   NNW
20  39.6  48.8   15:43  30.3   03:41  25.4   0.0  0.00   0.7   8.0   12:24   NNE
21  45.4  48.2   15:40  42.2   02:03  19.6   0.0  0.03   1.0  10.0   22:36    NE
22  45.9  47.8   15:47  44.5   20:23  19.1   0.0  0.38   5.3  26.0   18:27    NE
23  45.9  47.2   15:21  44.7   10:40  19.1   0.0  2.38   3.0  21.0   00:22   NNE
24  43.4  45.4   00:00  41.7   08:44  21.6   0.0  0.07   2.4  15.0   19:56   NNW
25  47.3  57.1   14:16  39.3   04:58  17.7   0.0  0.00   1.1  10.0   16:49     E
26  44.7  49.1   13:24  41.8   21:14  20.3   0.0  0.00   1.7  12.0   14:29   NNW
27  45.4  52.1   14:05  39.9   23:42  19.6   0.0  0.00   1.6  12.0   11:03    NW
28  48.1  60.9   14:14  39.5   02:14  16.8   0.0  0.01   0.5   5.0   12:41   ENE
29  48.5  55.4   13:18  41.0   23:57  16.5   0.0  0.15   0.4   6.0   13:48   NNE
30  42.5  48.5   11:35  38.2   02:13  22.5   0.0  0.01   0.7   8.0   10:54   NNW
31  41.2  46.7   13:17  36.5   23:59  23.8   0.0  0.00   0.4   5.0   11:18   ENE
----------------------------------------------------------------------------------
    49.5  71.7    15    30.3    20   484.5   3.1  6.60   1.3  26.0    22     NNE

Max >=  80.0:  0
Max <=  32.0:  0
Min <=  32.0:  1
Min <=   0.0:  0
Max Rain: 2.38 on day 23
Days of Rain: 18 (>= 0.01 in)  9 (>= 0.10 in)  2 (>= 1.00 in)
Heat Base: 65.0  Cool Base: 65.0  Method: Integration