NOAA-Style Climate Reports


Report for 2014 September
                   Monthly Climatological Summary for Sep 2014

Name: East Unity, NH   City: Unity   State: NH
Elevation: 1384 ft  Lat: N 43° 17' 19"   Lon: W 072° 11' 41"

                  Temperature (°F), Rain (in), Wind Speed (mph)

                                      Heat  Cool        Avg
    Mean                              Deg   Deg         Wind                 Dom
Day Temp  High   Time   Low    Time   Days  Days  Rain  Speed High   Time    Dir
----------------------------------------------------------------------------------
 1  69.9  77.1   12:50  63.8   06:49   0.1   4.6  0.02   0.6   6.0   11:20    SE
 2  70.8  78.2   10:51  64.7   04:28   0.0   5.8  0.32   0.5   6.0   23:51     E
 3  65.8  71.5   15:48  60.2   06:42   1.2   2.0  0.02   1.1   9.0   02:03     N
 4  66.7  77.5   12:18  57.2   06:22   2.2   3.9  0.00   0.7   6.0   17:01    SE
 5  71.1  81.4   13:10  60.5   06:36   1.1   7.1  0.00   1.0  10.0   11:52   ENE
 6  70.0  80.5   14:29  62.2   23:57   0.3   5.0  0.00   1.1  10.0   14:18    NE
 7  61.9  68.1   12:20  56.3   06:59   3.5   0.5  0.00   0.6  10.0   10:08     N
 8  60.2  71.6   11:38  51.0   06:43   6.0   1.2  0.00   0.6   9.0   10:02   NNE
 9  56.7  66.2   12:11  48.9   06:06   8.4   0.0  0.00   0.7  10.0   10:24   NNE
10  56.9  67.1   13:30  49.5   05:40   8.2   0.1  0.00   0.4   7.0   13:53   NNE
11  61.0  67.1   17:37  54.0   01:55   4.2   0.2  0.02   1.5  11.0   12:35    NE
12  52.3  57.2   14:44  43.8   23:59  12.7   0.0  0.00   1.3  12.0   07:05     N
13  48.4  53.1   12:09  41.9   04:57  16.5   0.0  0.24   0.8  11.0   10:06    NE
14  47.3  53.9   15:53  41.2   07:08  17.7   0.0  0.01   1.0  13.0   09:50     N
15  48.8  57.5   13:47  39.1   03:20  16.1   0.0  0.00   0.5   6.0   11:53   ENE
16  51.6  57.8   16:13  47.8   07:08  13.4   0.0  0.22   0.4   5.0   13:30     E
17  52.3  61.3   13:42  45.0   06:36  12.7   0.0  0.00   0.8   7.0   15:42   ESE
18  51.7  62.2   13:09  42.4   23:53  13.3   0.0  0.00   0.7   9.0   11:46    NE
19  43.9  53.0   13:59  35.5   06:47  21.1   0.0  0.00   0.7  10.0   11:33    NE
20  50.6  62.6   15:56  37.6   00:31  14.4   0.0  0.00   1.2  11.0   14:32    NE
21  64.2  70.8   13:52  55.4   02:04   2.3   1.5  0.00   1.2  12.0   12:22    NE
22  55.9  64.5   00:00  44.8   23:57   9.1   0.0  0.00   1.5  13.0   14:46   NNE
23  51.7  61.7   15:10  42.4   06:43  13.3   0.0  0.00   0.8   8.0   11:49    NE
24  54.6  64.7   13:59  47.2   06:50  10.4   0.0  0.00   0.6  11.0   11:26    NE
25  52.4  60.1   15:33  46.3   04:21  12.6   0.0  0.00   0.4   5.0   12:04   NNE
26  58.3  69.8   13:37  47.8   05:24   7.3   0.6  0.00   0.6   8.0   10:37   NNE
27  65.0  74.4   13:56  56.9   01:31   2.5   2.5  0.00   0.8  10.0   14:24   WNW
28  66.1  77.7   14:00  57.4   07:29   2.2   3.3  0.00   0.6   5.0   13:52     E
29  62.8  73.1   13:44  54.6   23:40   3.5   1.3  0.00   1.0  12.0   19:26    NE
30  56.8  63.0   11:58  54.2   07:03   8.2   0.0  0.00   0.7   7.0   12:58    NE
----------------------------------------------------------------------------------
    58.2  81.4     5    35.5    19   244.5  39.6  0.85   0.8  13.0    14      NE

Max >=  80.0:  2
Max <=  32.0:  0
Min <=  32.0:  0
Min <=   0.0:  0
Max Rain: 0.32 on day 2
Days of Rain: 7 (>= 0.01 in)  3 (>= 0.10 in)  0 (>= 1.00 in)
Heat Base: 65.0  Cool Base: 65.0  Method: Integration