NOAA-Style Climate Reports


Report for 2014 August
                   Monthly Climatological Summary for Aug 2014

Name: East Unity, NH   City: Unity   State: NH
Elevation: 1384 ft  Lat: N 43° 17' 19"   Lon: W 072° 11' 41"

                  Temperature (°F), Rain (in), Wind Speed (mph)

                                      Heat  Cool        Avg
    Mean                              Deg   Deg         Wind                 Dom
Day Temp  High   Time   Low    Time   Days  Days  Rain  Speed High   Time    Dir
----------------------------------------------------------------------------------
 1  66.8  76.6   14:49  56.9   05:40   2.3   4.1  0.00   0.6   8.0   13:41   ENE
 2  66.4  74.0   13:16  58.8   23:56   1.0   2.5  0.00   0.5   9.0   15:33    NE
 3  65.7  74.8   14:40  55.8   05:56   2.6   3.3  0.00   0.3   8.0   14:44    NE
 4  68.4  76.5   11:37  60.4   03:26   1.2   4.6  0.00   0.5   6.0   10:42     E
 5  70.4  79.4   11:35  61.1   05:46   0.5   6.0  0.00   0.6   7.0   14:08     E
 6  66.0  72.5   12:23  58.3   23:59   1.3   2.3  0.10   0.8  10.0   10:22   NNW
 7  59.5  69.1   11:28  54.3   23:47   5.8   0.3  0.20   0.7  11.0   18:49     E
 8  63.8  72.6   12:15  53.6   06:24   3.6   2.4  0.00   1.0  14.0   14:00    NW
 9  67.8  76.6   11:46  57.6   06:43   1.7   4.5  0.00   0.8   9.0   12:38    NE
10  68.7  79.1   11:42  58.0   04:51   1.5   5.1  0.00   0.7   7.0   12:46    NE
11  69.3  81.1   11:22  58.3   05:55   1.5   5.8  0.00   0.6   4.0   10:37   ENE
12  67.3  76.4   11:49  59.0   06:00   1.3   3.6  0.00   0.8  12.0   12:13   NNE
13  61.8  65.3   02:17  57.7   23:56   3.2   0.0  2.92   1.6  20.0   15:11    NE
14  58.6  64.9   15:13  51.7   23:51   6.4   0.0  0.00   1.1  12.0   09:33    NE
15  55.9  61.6   15:47  50.8   06:13   9.1   0.0  0.00   0.7   8.0   12:04    NE
16  59.4  67.9   13:33  50.6   05:54   6.0   0.4  0.03   0.6   9.0   14:29   ENE
17  59.9  66.8   11:01  54.6   04:25   5.1   0.1  0.00   0.7   9.0   13:47     N
18  59.6  66.6   12:58  53.9   23:56   5.5   0.1  0.00   1.1  13.0   17:43   NNW
19  60.7  70.6   13:25  48.8   05:32   5.6   1.3  0.00   0.7   8.0   11:12   ENE
20  65.4  78.2   12:52  51.9   06:18   3.4   3.9  0.00   0.5   8.0   16:34    NE
21  60.0  63.9   00:32  54.8   22:41   5.0   0.0  0.36   0.1   4.0   12:18   NNE
22  58.7  62.4   14:39  55.3   00:00   6.3   0.0  0.28   0.3   9.0   09:32    NE
23  62.0  69.7   14:50  56.7   23:58   3.8   0.8  0.00   0.9  13.0   09:22    NE
24  65.0  75.4   12:51  54.3   04:26   3.3   3.4  0.00   0.8  11.0   11:11   ENE
25  69.5  80.6   12:31  58.2   06:29   1.4   6.0  0.00   0.7   8.0   11:50    SW
26  70.3  82.0   11:00  59.7   06:42   0.9   6.2  0.00   0.5   8.0   14:16   ENE
27  70.8  80.8   11:54  61.5   04:08   0.6   6.5  0.00   0.7   7.0   14:39   ENE
28  63.3  69.9   11:57  55.9   23:57   2.6   0.9  0.00   1.0  10.0   13:32   NNW
29  60.7  69.6   15:15  51.3   06:07   5.3   0.9  0.00   0.8  12.0   11:10   ENE
30  62.4  71.1   14:00  52.7   05:26   4.2   1.6  0.00   1.0   9.0   11:46    NE
31  68.3  77.7   12:27  60.8   01:48   1.1   4.4  1.00   0.8   8.0   02:54    NE
----------------------------------------------------------------------------------
    64.3  82.0    26    48.8    19   103.1  81.0  4.89   0.7  20.0    13      NE

Max >=  80.0:  4
Max <=  32.0:  0
Min <=  32.0:  0
Min <=   0.0:  0
Max Rain: 2.92 on day 13
Days of Rain: 7 (>= 0.01 in)  6 (>= 0.10 in)  2 (>= 1.00 in)
Heat Base: 65.0  Cool Base: 65.0  Method: Integration