NOAA-Style Climate Reports


Report for 2014 July
                   Monthly Climatological Summary for Jul 2014

Name: East Unity, NH   City: Unity   State: NH
Elevation: 1384 ft  Lat: N 43° 17' 19"   Lon: W 072° 11' 41"

                  Temperature (°F), Rain (in), Wind Speed (mph)

                                      Heat  Cool        Avg
    Mean                              Deg   Deg         Wind                 Dom
Day Temp  High   Time   Low    Time   Days  Days  Rain  Speed High   Time    Dir
----------------------------------------------------------------------------------
 1  74.5  82.9   14:58  63.9   05:14   0.1   9.6  0.00   1.8   8.3   11:43   ENE
 2  73.0  86.5   13:35  66.7   23:52   0.0   8.0  0.54   1.2   8.3   10:49   ENE
 3  71.5  81.7   14:11  64.6   02:29   0.0   6.7  0.63   0.4  10.7   20:02     E
 4  63.4  66.2   14:46  56.1   23:54   1.7   0.1  0.40   0.9  10.7   19:14   ENE
 5  64.0  77.4   13:57  55.2   06:14   3.1   2.1  0.00   3.3  11.4   10:26   NNW
 6  68.1  76.5   14:18  56.7   04:50   2.0   5.2  0.00   2.2  11.4   10:06   ENE
 7  69.2  78.6   13:14  60.8   06:11   0.5   4.7  0.99   1.4   9.2   11:58     E
 8  72.6  79.9   13:52  64.6   05:19   0.0   7.7  0.01   2.0   9.2   22:01   ENE
 9  68.6  76.6   15:43  61.9   21:34   0.7   4.3  0.32   1.8   7.6   09:29   ENE
10  64.3  71.4   16:12  56.5   05:51   2.7   1.9  0.01   0.6   6.0   10:21   NNE
11  64.6  72.7   15:35  55.0   05:25   2.7   2.4  0.00   0.6   5.4   10:23   SSE
12  69.4  78.8   13:19  56.1   05:05   1.7   6.1  0.00   0.8   6.0   13:15   ESE
13  69.5  78.3   12:28  61.7   05:32   0.3   4.8  0.14   2.0   9.8   11:24   ENE
14  72.5  79.2   15:09  64.4   05:56   0.0   7.5  0.00   1.1   6.0   00:48   ENE
15  71.1  79.0   12:04  66.6   03:48   0.0   6.0  0.39   0.9   6.9   10:20   ENE
16  66.5  71.7   17:15  60.8   23:56   0.5   2.0  0.72   0.5   5.0   12:43     E
17  63.9  72.8   13:32  55.7   05:23   3.2   2.2  0.00   0.9   6.0   12:52     E
18  64.8  72.8   13:15  54.4   04:18   3.1   2.9  0.00   0.8   8.0   12:49     E
19  64.6  72.2   12:02  56.0   05:06   2.7   2.3  0.00   0.5   6.0   11:00   NNE
20  64.0  72.1   16:23  58.0   04:43   2.8   1.8  0.00   0.6   9.0   15:05   NNE
21  67.0  76.4   15:52  55.2   05:29   2.6   4.6  0.00   0.5   5.0   15:31    NE
22  72.9  81.7   12:33  62.2   06:02   0.3   8.2  0.00   0.6   8.0   12:10     E
23  70.7  83.0   12:11  66.2   05:55   0.0   4.2  0.53   0.6  10.0   18:43     E
24  65.1  71.1   12:15  57.0   23:59   1.5   1.6  0.29   1.0  10.0   11:47     N
25  64.0  72.8   12:02  52.4   05:05   3.8   2.8  0.05   0.8   7.0   13:24    SE
26  66.0  74.4   12:36  58.4   03:57   2.2   3.3  0.00   0.8   9.0   16:27   ENE
27  65.4  72.2   15:44  58.8   02:11   1.6   2.0  0.77   0.6   9.0   09:57    NE
28  65.4  71.7   15:40  59.6   23:44   0.9   1.3  0.99   0.6   6.0   07:49   NNE
29  61.1  67.0   12:23  55.4   06:24   4.2   0.3  0.00   0.7   7.0   10:16     N
30  61.1  69.4   14:24  54.6   05:56   4.8   0.8  0.00   0.7   6.0   12:50   ENE
31  61.6  68.5   14:50  54.6   05:43   3.9   0.5  0.01   0.5  11.0   12:54   ENE
----------------------------------------------------------------------------------
    67.1  86.5     2    52.4    25    53.6 117.9  6.79   1.0  11.4     5     ENE

Max >=  80.0:  5
Max <=  32.0:  0
Min <=  32.0:  0
Min <=   0.0:  0
Max Rain: 0.99 on day 7
Days of Rain: 16 (>= 0.01 in)  12 (>= 0.10 in)  0 (>= 1.00 in)
Heat Base: 65.0  Cool Base: 65.0  Method: Integration