NOAA-Style Climate Reports


Report for 2014 June
                   Monthly Climatological Summary for Jun 2014

Name: East Unity, NH   City: Unity   State: NH
Elevation: 1384 ft  Lat: N 43° 17' 19"   Lon: W 072° 11' 41"

                  Temperature (°F), Rain (in), Wind Speed (mph)

                                      Heat  Cool        Avg
    Mean                              Deg   Deg         Wind                 Dom
Day Temp  High   Time   Low    Time   Days  Days  Rain  Speed High   Time    Dir
----------------------------------------------------------------------------------
 1  60.3  72.5   17:07  46.0   05:12   6.5   1.8  0.00  ----   0.7   00:19     E
 2  66.6  78.3   14:58  51.1   04:50   3.7   5.3  0.00  ----   1.6   14:36     E
 3  68.9  81.1   12:21  57.2   05:14   2.3   6.2  0.08  ----   1.6   11:58     E
 4  60.5  69.6   14:43  54.5   07:36   5.2   0.8  0.01  ----   0.7   03:14    SE
 5  58.3  64.8   15:50  53.6   04:36   6.6   0.0  0.02  ----   1.6   15:50   ESE
 6  58.3  66.0   16:07  52.3   06:21   6.8   0.0  0.08  ----   0.7   00:00     N
 7  65.4  75.7   16:43  52.5   05:07   3.2   3.6  0.00  ----   1.6   16:21   NNE
 8  69.1  77.9   14:50  55.4   05:43   1.7   5.8  0.00  ----   1.6   10:58     E
 9  66.2  75.9   13:42  58.6   23:50   1.6   2.8  0.00  ----   0.7   08:42     E
10  64.3  73.6   16:06  57.6   02:28   2.8   2.2  0.00  ----   1.6   18:28     E
11  58.3  64.9   11:57  52.2   04:48   6.7   0.0  0.02  ----   0.7   00:00   ESE
12  55.6  59.2   18:28  51.6   05:14   9.4   0.0  0.15  ----   1.6   22:57     E
13  56.9  59.7   10:50  54.5   22:35   8.2   0.0  0.47  ----   1.6   04:50   ESE
14  58.5  66.0   16:35  53.1   23:57   6.7   0.0  0.19  ----   0.7   07:13   NNE
15  60.1  68.4   16:29  52.9   00:06   5.5   0.5  0.00  ----   1.6   09:06   NNE
16  64.9  74.7   16:06  52.7   04:57   3.1   3.0  0.00  ----   1.6   09:06   ENE
17  69.9  80.8   15:50  57.0   05:14   1.5   6.4  0.00  ----   0.7   02:13    NE
18  68.3  73.6   14:58  63.5   23:28   0.1   3.5  0.43  ----   1.6   01:21   NNE
19  65.9  72.1   14:13  59.4   22:42   1.5   2.4  0.00  ----   1.6   09:49     N
20  59.2  64.9   13:28  50.5   23:27   5.9   0.0  0.00  ----   1.6   11:27   NNE
21  57.4  65.7   15:28  47.3   03:50   7.5   0.0  0.00  ----   0.7   07:13   NNE
22  61.8  70.5   17:49  48.9   04:49   4.9   1.7  0.00  ----   1.6   13:49     E
23  66.7  77.4   10:42  52.0   05:13   3.0   4.7  0.00  ----   0.7   07:35   ENE
24  66.7  72.9   11:34  58.8   06:02   1.5   3.3  0.00   2.3   9.2   17:04   ENE
25  68.1  77.2   14:17  61.7   05:42   0.6   3.6  2.52   1.2   5.4   02:05   ENE
26  66.3  70.3   15:52  60.3   23:11   0.4   1.7  0.28   0.8  11.4   17:35   NNW
27  65.6  74.1   15:35  54.7   05:34   2.5   3.1  0.00   1.1   9.8   11:23    SE
28  67.8  78.6   13:22  55.8   05:26   2.0   4.8  0.00   0.9   6.9   12:05   SSE
29  69.5  79.2   15:27  57.0   04:16   1.6   6.1  0.00   0.7   6.0   17:05     E
30  71.2  79.7   11:35  58.8   05:18   0.7   7.1  0.00   1.2   6.9   12:46   ENE
----------------------------------------------------------------------------------
    63.9  81.1     3    46.0     1   113.7  80.4  4.25   1.1  11.4    26     ENE

Max >=  80.0:  2
Max <=  32.0:  0
Min <=  32.0:  0
Min <=   0.0:  0
Max Rain: 2.52 on day 25
Days of Rain: 11 (>= 0.01 in)  6 (>= 0.10 in)  1 (>= 1.00 in)
Heat Base: 65.0  Cool Base: 65.0  Method: Integration