NOAA-Style Climate Reports


Report for 2014 May
                   Monthly Climatological Summary for May 2014

Name: East Unity, NH   City: Unity   State: NH
Elevation: 1384 ft  Lat: N 43° 17' 19"   Lon: W 072° 11' 41"

                  Temperature (°F), Rain (in), Wind Speed (mph)

                                      Heat  Cool        Avg
    Mean                              Deg   Deg         Wind                 Dom
Day Temp  High   Time   Low    Time   Days  Days  Rain  Speed High   Time    Dir
----------------------------------------------------------------------------------
 1  48.5  66.0   17:01  36.5   00:01  16.6   0.0  0.25   1.9  11.4   23:23   NNE
 2  51.1  59.5   14:44  41.2   06:09  13.9   0.0  0.00   3.1  11.4   14:22   NNW
 3  51.3  59.9   14:37  42.6   05:25  13.7   0.0  0.02   1.6   8.3   15:31   ENE
 4  46.0  53.2   14:35  40.8   23:30  19.1   0.0  0.11   3.4  13.6   15:43     N
 5  47.2  54.9   14:32  40.8   00:00  17.8   0.0  0.00   3.8  14.5   13:53   NNW
 6  47.7  56.1   12:10  37.9   05:19  17.3   0.0  0.00   3.8  13.6   17:21   NNW
 7  51.0  62.4   15:17  37.6   05:18  14.0   0.0  0.00   2.9   9.8   12:48   NNW
 8  57.6  70.3   13:09  41.4   04:26   8.5   1.2  0.00   2.0  13.6   16:27    NE
 9  49.8  55.2   00:00  45.9   04:58  15.2   0.0  0.00   1.9   8.3   08:41   ENE
10  63.3  77.4   14:42  48.9   06:48   5.0   3.3  0.01   2.0  10.7   12:16    NE
11  62.9  71.8   16:08  53.2   06:08   3.9   1.8  0.00   3.9  14.5   10:44   NNW
12  67.5  80.2   14:17  50.9   05:37   3.6   6.1  0.00   2.5   9.8   14:42   NNE
13  49.7  63.0   00:00  46.4   07:26  15.3   0.0  0.02   2.0   9.2   01:56     E
14  59.6  73.9   17:10  44.4   05:41   7.7   2.3  0.00   2.0  11.4   09:50   ENE
15  64.5  75.2   15:50  53.8   01:47   3.1   2.5  0.00   1.5   6.0   09:33   ENE
16  63.2  66.2   11:21  60.6   05:42   1.8   0.1  0.04  ----   2.2   10:49    NE
17  57.7  63.1   02:28  45.7   23:57   7.3   0.0  0.47  ----   1.6   01:28   NNE
18  53.1  62.6   15:13  43.7   05:57  11.9   0.0  0.00  ----   1.6   07:50   NNE
19  52.2  59.5   16:20  41.5   04:28  12.8   0.0  0.00  ----   1.6   07:50   NNE
20  59.1  68.4   14:49  47.3   04:50   6.5   0.6  0.00  ----   1.6   08:28   NNE
21  61.5  73.8   15:51  45.3   05:35   5.7   2.2  0.00  ----   1.6   10:13    NE
22  53.7  60.6   10:35  48.2   05:35  11.3   0.0  0.98  ----   0.7   00:20   ENE
23  52.6  55.2   14:06  48.0   23:57  12.5   0.0  0.28  ----   0.7   02:28     E
24  51.5  62.4   16:00  48.0   00:00  10.8   0.0  0.12  ----   1.6   16:06     E
25  60.3  70.5   17:07  48.6   00:43   5.8   1.1  0.00  ----   1.6   10:35     E
26  61.9  70.7   17:36  53.1   05:28   4.4   1.3  0.00  ----   0.7   00:00   ENE
27  58.0  71.8   11:06  43.2   23:35   7.9   1.0  0.51  ----   1.6   15:07     E
28  45.3  48.6   17:06  42.8   00:50  19.7   0.0  0.04  ----   1.6   06:14     E
29  52.1  63.7   15:21  36.5   05:14  12.9   0.0  0.01  ----   1.6   12:58     E
30  55.1  67.5   12:26  47.5   05:12  10.0   0.1  0.06  ----   0.7   02:57   ENE
31  53.9  63.5   15:57  46.6   04:57  11.1   0.0  0.00  ----   1.6   12:50   ESE
----------------------------------------------------------------------------------
    55.1  80.2    12    36.5     1   327.1  23.6  2.92   2.6  14.5     5     NNE

Max >=  80.0:  1
Max <=  32.0:  0
Min <=  32.0:  0
Min <=   0.0:  0
Max Rain: 0.98 on day 22
Days of Rain: 14 (>= 0.01 in)  7 (>= 0.10 in)  0 (>= 1.00 in)
Heat Base: 65.0  Cool Base: 65.0  Method: Integration