NOAA-Style Climate Reports


Report for 2014 April
                   Monthly Climatological Summary for Apr 2014

Name: East Unity, NH   City: Unity   State: NH
Elevation: 1384 ft  Lat: N 43° 17' 19"   Lon: W 072° 11' 41"

                  Temperature (°F), Rain (in), Wind Speed (mph)

                                      Heat  Cool        Avg
    Mean                              Deg   Deg         Wind                 Dom
Day Temp  High   Time   Low    Time   Days  Days  Rain  Speed High   Time    Dir
----------------------------------------------------------------------------------
 1  36.7  47.7   16:44  25.5   06:42  28.3   0.0  0.00   0.8   9.8   03:14   ENE
 2  39.4  48.6   17:02  32.2   05:58  25.6   0.0  0.00   0.4   6.9   07:54   ENE
 3  37.0  44.2   14:40  29.8   06:48  28.0   0.0  0.00   0.7   7.6   10:17     N
 4  35.3  44.6   13:42  27.9   06:38  29.7   0.0  0.31   1.7  15.9   19:02     E
 5  35.0  43.7   13:33  31.5   23:58  30.0   0.0  0.08   2.7  15.2   17:56   NNW
 6  36.5  45.5   15:35  27.7   06:44  28.5   0.0  0.00   3.6  15.2   02:47   NNW
 7  43.7  53.4   11:16  33.3   04:10  21.3   0.0  0.02   1.9   9.8   20:27    SE
 8  42.5  53.8   15:50  36.1   23:18  22.4   0.0  0.30   3.0  14.5   00:56   NNE
 9  37.5  44.1   14:07  28.8   23:40  27.5   0.0  0.00   3.5  13.6   14:39   NNW
10  42.5  57.7   15:10  26.4   05:47  22.5   0.0  0.00   3.1  15.9   16:11     E
11  49.1  64.0   13:38  39.0   23:54  15.9   0.0  0.08   2.5   9.8   12:27     N
12  48.8  61.3   13:14  34.9   06:34  16.1   0.0  0.01   2.4  11.4   12:20    NW
13  44.8  50.9   15:13  37.2   23:35  20.2   0.0  0.15   2.3  11.4   04:41     E
14  59.6  74.8   15:01  37.0   00:01   7.5   2.2  0.00   4.0  20.6   20:52   ENE
15  54.3  60.3   12:50  31.8   23:56  10.7   0.0  0.93   4.6  15.2   13:23    NE
16  27.5  32.2   16:44  19.0   06:43  37.5   0.0  0.00   0.9  10.7   15:05   NNW
17  30.6  42.8   15:38  18.5   06:14  34.4   0.0  0.00   2.9  13.0   11:01     E
18  35.2  45.1   13:43  22.3   05:46  29.8   0.0  0.00   2.1  10.7   12:13     E
19  41.1  52.2   13:44  30.0   05:34  23.9   0.0  0.00   3.5  16.8   15:21   NNW
20  45.0  57.9   14:41  30.7   06:19  19.9   0.0  0.00   2.0   9.2   14:42   ENE
21  53.3  70.9   14:13  32.7   06:10  12.7   1.0  0.00   2.4  12.1   13:19     E
22  56.5  70.0   12:17  43.9   06:08   9.3   0.8  0.13   1.6  10.7   15:11   ENE
23  44.0  48.9   00:00  39.0   22:10  21.0   0.0  0.01   5.4  20.6   23:05   NNW
24  41.3  49.1   13:17  32.5   06:08  23.7   0.0  0.00   8.7  19.7   11:37   NNW
25  48.8  60.3   16:45  34.7   06:13  16.2   0.0  0.00   2.5  12.1   11:45     N
26  41.2  50.4   00:00  37.4   06:09  23.8   0.0  0.72   1.6   6.9   06:38   ENE
27  39.5  45.0   14:28  34.0   05:33  25.5   0.0  0.12   3.2   9.8   17:56     N
28  46.0  54.3   14:05  36.3   06:06  19.0   0.0  0.00   4.3  15.2   10:34   NNE
29  41.2  49.8   14:33  35.6   23:43  23.8   0.0  0.04   4.8  16.8   11:27     E
30  36.8  39.6   13:38  34.9   02:27  28.2   0.0  0.64   3.9  13.6   17:59     E
----------------------------------------------------------------------------------
    42.4  74.8    14    18.5    17   682.9   4.0  3.54   2.9  20.6    14     NNE

Max >=  80.0:  0
Max <=  32.0:  0
Min <=  32.0: 13
Min <=   0.0:  0
Max Rain: 0.93 on day 15
Days of Rain: 14 (>= 0.01 in)  8 (>= 0.10 in)  0 (>= 1.00 in)
Heat Base: 65.0  Cool Base: 65.0  Method: Integration