NOAA-Style Climate Reports


Report for 2014 March
                   Monthly Climatological Summary for Mar 2014

Name: East Unity, NH   City: Unity   State: NH
Elevation: 1384 ft  Lat: N 43° 17' 19"   Lon: W 072° 11' 41"

                  Temperature (°F), Rain (in), Wind Speed (mph)

                                      Heat  Cool        Avg
    Mean                              Deg   Deg         Wind                 Dom
Day Temp  High   Time   Low    Time   Days  Days  Rain  Speed High   Time    Dir
----------------------------------------------------------------------------------
 1  16.5  26.4   15:40   1.8   03:56  48.5   0.0  0.00   2.2  13.0   10:28   ENE
 2  23.5  27.9   12:30  14.7   23:53  41.5   0.0  0.00   2.7   9.8   11:52     N
 3  10.1  15.3   14:16   3.9   23:59  54.9   0.0  0.00   3.0   9.8   12:41   NNW
 4  11.6  23.5   15:48  -1.1   05:56  53.4   0.0  0.00   1.6   8.3   13:59    NE
 5  14.0  20.1   14:38   5.2   23:40  51.0   0.0  0.00   1.7   9.2   21:11   NNE
 6  11.7  25.2   14:36  -2.0   06:41  54.4   0.0  0.00   2.1   7.6   10:33    NE
 7  22.4  36.3   13:24   8.1   03:39  42.6   0.0  0.00   1.8   9.2   13:12   ESE
 8  31.3  44.2   13:04  21.9   03:36  33.7   0.0  0.00   2.7  12.1   19:38   NNW
 9  24.2  30.6   13:42  17.2   07:33  39.1   0.0  0.00   3.0  12.1   14:40   NNW
10  28.2  36.0   16:04  20.8   04:20  36.8   0.0  0.00   1.3   6.0   00:22   ENE
11  37.7  47.3   12:38  28.6   07:05  27.3   0.0  0.00   1.9  13.0   14:58   NNW
12  31.6  35.6   02:56  20.7   23:50  33.4   0.0  1.14   0.4   7.6   17:59     E
13  10.1  20.7   00:00   3.9   23:33  54.9   0.0  0.07   0.0   5.4   05:41    NW
14  17.2  29.3   23:59   2.7   03:58  47.8   0.0  0.00   0.8   8.3   12:12   ENE
15  35.6  45.0   11:17  28.8   01:26  29.4   0.0  0.00   1.9  15.9   22:59     N
16  19.0  28.9   00:00   7.7   23:59  46.0   0.0  0.00   3.7  12.1   05:39   NNW
17  12.1  21.9   16:19   3.0   04:40  52.9   0.0  0.00   0.7   9.8   10:08   NNE
18  20.5  34.2   14:27   6.4   06:39  44.5   0.0  0.00   0.3   7.6   13:07     E
19  28.3  37.4   13:46  18.1   06:40  36.7   0.0  0.61   1.2  11.4   22:55     E
20  32.9  38.7   13:07  28.2   00:15  32.1   0.0  0.02   1.7  11.4   00:07   NNE
21  30.4  34.9   14:19  24.6   23:59  34.6   0.0  0.00   3.3  14.5   13:41   NNW
22  29.7  39.7   15:53  19.8   04:20  35.3   0.0  0.00   1.6  13.0   16:49     N
23  25.5  31.6   09:52  10.0   23:50  39.5   0.0  0.00   3.1  14.5   11:38   NNW
24  14.2  22.5   14:41   5.0   06:39  50.8   0.0  0.00   1.8  11.4   16:10   NNW
25  19.8  29.7   16:58   7.7   05:59  45.2   0.0  0.00   0.8   9.2   11:11   ENE
26  21.1  25.5   14:04  13.8   23:55  43.9   0.0  0.00   4.4  22.1   14:33   NNW
27  24.1  36.5   16:53  10.8   06:54  40.8   0.0  0.00   1.6  15.2   00:28     N
28  34.8  41.5   21:20  27.9   02:55  30.2   0.0  0.26   1.0  10.7   01:12     E
29  42.1  47.7   12:58  34.9   23:03  23.5   0.0  0.72   2.4  15.9   22:41     E
30  34.6  36.9   16:09  32.0   23:53  30.7   0.0  0.47   4.9  19.7   04:58     E
31  31.2  34.2   15:57  27.1   08:06  33.8   0.0  0.00   2.4  17.4   23:27     N
----------------------------------------------------------------------------------
    24.1  47.7    29    -2.0     6  1269.2   0.0  3.29   2.0  22.1    26     NNE

Max >=  80.0:  0
Max <=  32.0: 15
Min <=  32.0: 30
Min <=   0.0:  2
Max Rain: 1.14 on day 12
Days of Rain: 7 (>= 0.01 in)  5 (>= 0.10 in)  1 (>= 1.00 in)
Heat Base: 65.0  Cool Base: 65.0  Method: Integration