NOAA-Style Climate Reports


Report for 2014 February
                   Monthly Climatological Summary for Feb 2014

Name: East Unity, NH   City: Unity   State: NH
Elevation: 1384 ft  Lat: N 43° 17' 19"   Lon: W 072° 11' 41"

                  Temperature (°F), Rain (in), Wind Speed (mph)

                                      Heat  Cool        Avg
    Mean                              Deg   Deg         Wind                 Dom
Day Temp  High   Time   Low    Time   Days  Days  Rain  Speed High   Time    Dir
----------------------------------------------------------------------------------
 1  29.6  37.4   13:57  21.9   07:22  35.4   0.0  0.06   1.6   8.3   16:12   ENE
 2  34.5  38.8   12:14  31.6   04:33  30.5   0.0  0.00   1.5   7.6   01:37   NNW
 3  25.6  32.4   00:00  18.0   23:58  39.6   0.0  0.00   2.4   9.2   09:04    NE
 4  21.2  28.4   15:14  13.6   07:18  43.8   0.0  0.00   1.4   6.0   09:22   NNW
 5  20.3  27.5   15:03  13.5   15:51  44.7   0.0  0.62   2.4  13.0   11:27     E
 6  11.9  18.3   13:52   5.2   07:29  53.1   0.0  0.00   1.8   6.0   01:46     N
 7  13.0  20.3   12:19   5.7   07:15  52.0   0.0  0.00   2.4   7.6   10:45     E
 8  13.1  21.2   14:05   3.6   06:59  52.7   0.0  0.00   2.0   6.9   10:17   NNW
 9  17.2  23.4   14:29  11.8   07:17  47.8   0.0  0.10   1.1   6.0   10:36   ENE
10  14.1  18.7   14:21   8.2   21:46  50.9   0.0  0.00   1.9   9.8   14:05   NNW
11   8.5  15.1   14:27   1.4   23:35  56.5   0.0  0.00   2.5   9.2   15:19   NNW
12   8.6  21.9   14:30  -3.3   06:51  56.7   0.0  0.00   2.1   7.6   14:54     S
13  19.6  30.4   23:47  10.6   00:00  45.4   0.0  1.94   4.3  17.4   17:22     E
14  24.7  30.6   00:04  19.8   23:37  40.4   0.0  0.00   3.0  15.2   00:02     N
15  24.0  28.4   12:48  18.5   01:43  41.0   0.0  0.11   1.9  10.7   23:04   ENE
16  16.3  22.1   00:01   9.1   23:56  48.7   0.0  0.00   4.5  15.2   15:28   NNW
17   9.8  18.0   13:44   1.0   07:07  55.2   0.0  0.00   3.2  13.0   09:36   NNW
18  14.5  21.6   14:43   2.7   02:38  50.5   0.0  0.26   2.0  12.1   10:50   ENE
19  23.1  30.0   11:46  15.3   06:19  41.9   0.0  0.18   0.3   6.0   11:08   ENE
20  33.7  41.7   13:38  25.5   07:27  31.3   0.0  0.50   2.2  12.1   05:46   NNW
21  33.0  35.6   15:31  30.4   23:44  32.0   0.0  0.30   1.4  15.9   16:02     E
22  34.8  43.0   13:30  28.2   06:49  30.2   0.0  0.00   1.9  15.2   15:02    SE
23  35.7  43.2   12:41  30.7   04:40  29.3   0.0  0.00   2.1  13.0   10:00     E
24  22.4  31.5   00:00  13.8   23:01  42.6   0.0  0.00   4.2  14.5   10:55   NNW
25  13.5  19.0   12:46   7.9   06:36  51.5   0.0  0.00   2.9  13.6   11:39   NNW
26  10.2  19.8   12:08   3.2   22:32  54.8   0.0  0.00   2.7  12.1   10:00   NNE
27  10.3  20.1   12:35   1.9   07:01  54.7   0.0  0.02   2.5  11.4   10:18   NNE
28   5.5  14.0   14:40  -2.7   06:47  59.5   0.0  0.00   2.9  12.1   00:43   NNW
----------------------------------------------------------------------------------
    19.6  43.2    23    -3.3    12  1272.7   0.0  4.09   2.3  17.4    13     NNE

Max >=  80.0:  0
Max <=  32.0: 21
Min <=  32.0: 28
Min <=   0.0:  2
Max Rain: 1.94 on day 13
Days of Rain: 10 (>= 0.01 in)  8 (>= 0.10 in)  1 (>= 1.00 in)
Heat Base: 65.0  Cool Base: 65.0  Method: Integration