NOAA-Style Climate Reports


Report for 2014 January
                   Monthly Climatological Summary for Jan 2014

Name: East Unity, NH   City: Unity   State: NH
Elevation: 1384 ft  Lat: N 43° 17' 19"   Lon: W 072° 11' 41"

                  Temperature (°F), Rain (in), Wind Speed (mph)

                                      Heat  Cool        Avg
    Mean                              Deg   Deg         Wind                 Dom
Day Temp  High   Time   Low    Time   Days  Days  Rain  Speed High   Time    Dir
----------------------------------------------------------------------------------
 1   9.5  16.0   13:18   3.6   06:54  55.5   0.0  0.08   0.0   6.0   14:22     N
 2   3.3  12.6   16:12  -3.3   22:02  61.7   0.0  0.48   0.4  10.7   23:09   ESE
 3  -3.1   1.6   08:49  -9.0   23:11  68.1   0.0  0.00   1.4  12.1   13:19     N
 4   3.4  16.5   14:07 -10.3   02:54  61.6   0.0  0.00   1.5   9.8   17:07   NNE
 5  21.3  33.3   23:11   8.8   01:50  43.7   0.0  0.00   1.4  13.6   23:59     W
 6  34.3  51.1   10:27  18.3   23:59  30.7   0.0  0.67   2.5  16.8   10:19    NE
 7   3.3  18.3   00:00  -2.4   22:24  61.7   0.0  0.00   0.1  10.7   10:31     N
 8   5.1  13.5   14:15  -1.3   06:00  59.9   0.0  0.00   0.0   0.0   00:00     E
 9  11.5  18.9   13:34   4.8   04:52  53.5   0.0  0.00   0.0   0.0   00:00     E
10  21.5  29.7   15:15   8.8   00:12  43.5   0.0  0.46   0.1   3.8   15:05    NE
11  41.7  51.3   16:57  28.8   00:00  23.9   0.0  0.92   1.9  13.6   16:08     E
12  35.6  44.6   00:00  31.6   23:57  29.9   0.0  0.00   4.0  14.5   09:40   NNW
13  35.0  43.7   14:37  26.1   07:02  30.0   0.0  0.00   2.1  10.7   16:57    NE
14  37.9  39.4   12:49  36.0   22:17  27.1   0.0  0.44   1.0   6.0   10:02     W
15  33.8  40.6   14:38  28.4   07:47  31.2   0.0  0.00   0.6   6.9   12:02   SSW
16  30.7  33.4   01:43  28.0   21:18  34.3   0.0  0.10   0.1   4.5   08:28    NE
17  29.2  33.4   13:00  25.7   23:40  35.8   0.0  0.00   0.4   8.3   13:17   ESE
18  27.6  32.0   12:09  23.7   05:07  37.4   0.0  0.11   0.1   6.0   12:22     E
19  25.2  28.8   00:00  23.9   17:19  39.8   0.0  0.05   0.0   1.6   12:10     W
20  23.9  31.5   13:48   6.1   23:58  41.1   0.0  0.02   0.0   3.8   11:06    SE
21   1.5   6.1   00:00  -2.7   07:26  63.5   0.0  0.00   0.0   4.5   18:40   ENE
22  -2.4   5.4   15:00 -10.7   07:59  67.3   0.0  0.00   1.5  12.1   21:54   NNW
23   1.9  10.8   14:47  -5.6   05:36  63.1   0.0  0.00   2.7   9.2   00:31   NNW
24   1.7   8.4   22:58  -6.7   06:12  63.3   0.0  0.00   2.6  12.1   12:40     N
25  14.9  21.4   13:20   7.2   06:39  50.1   0.0  0.16   3.2  13.6   10:40   ENE
26   9.1  16.7   01:48   2.3   07:25  55.9   0.0  0.00   3.7  17.4   09:18     N
27  20.5  32.0   11:07   7.9   23:55  44.6   0.0  0.00   4.6  17.4   12:50   NNE
28   5.1  10.0   13:24  -1.3   07:24  59.9   0.0  0.00   2.3  11.4   12:27     N
29   7.5  15.4   14:04   0.3   07:26  57.5   0.0  0.00   2.2   9.8   12:35   ENE
30  11.7  21.4   15:04   2.7   05:52  53.3   0.0  0.00   2.0   8.3   12:55    SE
31  23.8  33.3   14:22  14.7   00:00  41.2   0.0  0.00   2.3   9.2   14:41    NE
----------------------------------------------------------------------------------
    17.0  51.3    11   -10.7    22  1490.1   0.0  3.49   1.4  17.4    26     NNE

Max >=  80.0:  0
Max <=  32.0: 21
Min <=  32.0: 30
Min <=   0.0: 10
Max Rain: 0.92 on day 11
Days of Rain: 11 (>= 0.01 in)  8 (>= 0.10 in)  0 (>= 1.00 in)
Heat Base: 65.0  Cool Base: 65.0  Method: Integration