NOAA-Style Climate Reports


Report for 2014
                   Annual Climatological Summary for 2014

Name: East Unity, NH   City: Unity   State: NH
Elevation: 1384 ft  Lat: N 43° 17' 19"   Lon: W 072° 11' 41"

                  Temperature (°F), Heat Base: 65.0  Cool Base: 65.0
                          Dep.  Heat  Cool                       Max  Max  Min  Min
        Mean  Mean        From  Deg   Deg                        >=   <=   <=   <=
 YR MO  Max   Min   Mean  Norm  Days  Days  Hi  Date  Low  Date 80.0 32.0 32.0   0.0
------------------------------------------------------------------------------------
 14  1  24.9   9.2  17.0  -3.6  1490     0  51.3  11 -10.7   22    0   21   30   10
 14  2  26.9  12.4  19.6  -4.7  1272     0  43.2  23  -3.3   12    0   21   28    2
 14  3  32.4  14.6  24.1  -9.0  1269     0  47.7  29  -2.0    6    0   15   30    2
 14  4  52.1  32.0  42.4  -2.7   682     4  74.8  14  18.5   17    0    0   13    0
 14  5  64.7  45.4  55.1  -0.7   327    23  80.2  12  36.5    1    1    0    0    0
 14  6  72.2  54.7  63.9  -1.0   113    80  81.1   3  46.0    1    2    0    0    0
 14  7  75.3  59.0  67.1  -2.9    53   117  86.5   2  52.4   25    5    0    0    0
 14  8  72.7  55.9  64.3  -4.2   103    81  82.0  26  48.8   19    4    0    0    0
 14  9  66.8  50.3  58.2  -1.8   244    39  81.4   5  35.5   19    2    0    0    0
 14 10  55.8  43.6  49.5   1.3   484     3  71.7  15  30.3   20    0    0    1    0
 14 11  40.4  27.7  34.3  -4.0   922     0  61.3  24  12.6   29    0    6   20    0
 14 12  32.8  23.4  28.5   1.7  1129     0  47.2  25   3.8    8    0   15   26    0
------------------------------------------------------------------------------------
        51.4  35.7  43.7  -2.6  8093   349  86.5 Jul -10.7  Jan   14   78  148   14

                                Precipitation (in)

              Dep.   Max        Days of Rain
              From   Obs.           >=
 YR MO Total  Norm   Day Date 0.01 0.10 1.00
---------------------------------------------
 14  1  3.49  0.79  0.92  11    11    8    0
 14  2  4.09  1.47  1.94  13    10    8    1
 14  3  3.29  0.02  1.14  12     7    5    1
 14  4  3.54  0.13  0.93  15    14    8    0
 14  5  2.92 -0.74  0.98  22    14    7    0
 14  6  4.25  0.56  2.52  25    11    6    1
 14  7  6.79  3.05  0.99   7    16   12    0
 14  8  4.89  1.71  2.92  13     7    6    2
 14  9  0.85 -2.53  0.32   2     7    3    0
 14 10  6.60  2.56  2.38  23    18    9    2
 14 11  2.20 -1.52  0.74  17    11    5    0
 14 12  3.37  0.17  0.67   9    15    9    0
---------------------------------------------
       46.28  5.67  2.92  Aug  141   86    7

                                Wind Speed (mph)
                          Dom
 YR MO   Avg.  Hi   Date  Dir
------------------------------
 14  1   1.4  17.4   27   NNE
 14  2   2.3  17.4   13   NNE
 14  3   2.0  22.1   26     N
 14  4   2.9  20.6   14   NNE
 14  5   2.6  14.5    5   NNE
 14  6   1.1  11.4   26     E
 14  7   1.0  11.4    6   ENE
 14  8   0.7  20.0   13    NE
 14  9   0.8  13.0   14    NE
 14 10   1.3  26.0   22   NNE
 14 11   1.6  24.0    2     N
 14 12   1.3  18.0    7     N
------------------------------
         1.6  26.0  Oct   NNE