NOAA-Style Climate Reports


Report for 2013 December
                   Monthly Climatological Summary for Dec 2013

Name: East Unity, NH   City: Unity   State: NH
Elevation: 1384 ft  Lat: N 43° 17' 19"   Lon: W 072° 11' 41"

                  Temperature (°F), Rain (in), Wind Speed (mph)

                                      Heat  Cool        Avg
    Mean                              Deg   Deg         Wind                 Dom
Day Temp  High   Time   Low    Time   Days  Days  Rain  Speed High   Time    Dir
----------------------------------------------------------------------------------
 1  30.6  38.8   13:38  25.0   00:00  34.4   0.0  0.00   0.9   9.2   02:34   ENE
 2  33.0  35.4   12:15  31.1   00:00  32.0   0.0  0.00   0.2   4.5   05:08     E
 3  32.0  38.5   14:09  28.9   04:58  33.0   0.0  0.00   0.5   5.4   19:11   NNW
 4  30.7  35.4   13:26  26.8   07:12  34.3   0.0  0.00   1.8   9.2   09:02   NNW
 5  36.4  48.7   23:55  28.0   00:15  28.6   0.0  0.14   0.5   5.4   23:24   NNW
 6  39.2  48.7   00:00  29.7   23:58  26.0   0.0  0.12   0.9   7.6   05:24   NNW
 7  27.0  29.8   00:00  20.7   22:41  38.0   0.0  0.00   0.8   7.6   14:26   NNW
 8  21.6  23.9   13:41  18.1   07:07  43.4   0.0  0.00   1.3   6.0   13:01     N
 9  25.6  32.0   23:43  19.9   04:23  39.4   0.0  0.11   1.8  10.7   12:21   ENE
10  25.4  31.6   00:00  13.8   23:53  39.6   0.0  0.04   2.1   9.2   12:05     N
11  19.1  24.1   13:58  13.1   00:36  45.9   0.0  0.03   1.9  10.7   13:20   ENE
12  10.3  15.8   00:00   6.6   20:33  54.7   0.0  0.00   1.9  11.4   11:12   NNE
13  11.4  19.2   11:41   0.3   23:57  53.6   0.0  0.03   2.5  13.0   16:21     N
14   3.5  12.2   23:48  -2.9   07:23  61.5   0.0  0.81   2.6  14.5   21:47   ENE
15  17.4  22.8   14:27   8.8   09:47  47.3   0.0  0.02   3.8  16.8   00:18   ENE
16  13.6  17.6   05:26   1.8   23:57  51.2   0.0  0.00   2.9  13.6   14:54     N
17   2.5  10.9   19:38  -7.6   07:27  62.5   0.0  0.19   0.8   4.5   10:55   ESE
18  16.3  23.7   14:41   8.1   07:59  48.7   0.0  0.00   0.8   6.9   13:45   NNE
19  26.9  32.7   20:56  21.0   05:09  38.1   0.0  0.00   2.1   8.3   09:42    SE
20  35.0  38.5   13:09  31.3   00:54  30.0   0.0  0.01   1.4   6.0   09:17   SSW
21  40.7  47.1   13:09  36.3   05:07  24.3   0.0  0.00   1.9   6.9   08:39   WSW
22  38.3  51.3   14:30  32.0   23:47  26.7   0.0  0.22   1.0   6.9   14:10   WSW
23  32.4  36.9   17:47  30.2   23:55  32.6   0.0  0.34   0.3   5.4   19:47   NNW
24  22.9  30.2   00:00  14.2   23:56  41.9   0.0  0.01   0.4  10.7   22:13   NNW
25   9.3  14.2   00:00   2.3   07:18  55.7   0.0  0.00   1.9  12.1   10:21     N
26  20.8  27.3   13:58  14.0   00:00  44.2   0.0  0.10   0.7   8.3   09:23    NE
27  23.2  27.0   12:36  19.4   07:42  41.6   0.0  0.00   0.9   7.6   09:43   NNE
28  28.7  37.2   14:04  19.8   03:08  36.3   0.0  0.00   1.6  10.7   14:00    SE
29  32.8  37.9   10:49  29.3   00:47  32.4   0.0  1.12   0.5   6.0   14:34     S
30  22.7  32.4   00:25   3.4   23:53  42.2   0.0  0.00   0.0   0.0   00:25     E
31   6.2  13.3   22:10  -3.3   07:42  58.8   0.0  0.00   0.0   0.0   00:00     E
----------------------------------------------------------------------------------
    23.7  51.3    22    -7.6    17  1278.9   0.0  3.29   1.3  16.8    15     NNE

Max >=  80.0:  0
Max <=  32.0: 17
Min <=  32.0: 30
Min <=   0.0:  3
Max Rain: 1.12 on day 29
Days of Rain: 15 (>= 0.01 in)  9 (>= 0.10 in)  1 (>= 1.00 in)
Heat Base: 65.0  Cool Base: 65.0  Method: Integration