NOAA-Style Climate Reports


Report for 2013 November
                   Monthly Climatological Summary for Nov 2013

Name: East Unity, NH   City: Unity   State: NH
Elevation: 1384 ft  Lat: N 43° 17' 19"   Lon: W 072° 11' 41"

                  Temperature (°F), Rain (in), Wind Speed (mph)

                                      Heat  Cool        Avg
    Mean                              Deg   Deg         Wind                 Dom
Day Temp  High   Time   Low    Time   Days  Days  Rain  Speed High   Time    Dir
----------------------------------------------------------------------------------
 1  57.3  61.7   10:32  49.8   23:56   7.7   0.0  0.73   5.5  25.1   06:28     E
 2  47.7  57.2   14:50  37.8   23:57  17.4   0.0  0.12   1.7   9.8   22:53   WSW
 3  31.9  37.8   00:00  25.7   22:55  34.5   0.0  0.00   3.8  13.0   11:40   NNW
 4  27.3  34.0   13:35  20.8   06:46  37.7   0.0  0.00   1.3   9.8   08:34   ENE
 5  33.5  42.3   13:53  25.3   06:26  31.5   0.0  0.00   1.1   8.3   10:05     E
 6  44.5  53.4   13:22  34.9   05:25  20.4   0.0  0.00   2.1  11.4   14:53   ENE
 7  45.7  53.4   10:57  32.7   23:56  19.3   0.0  0.31   2.6   9.2   17:10   NNE
 8  32.1  38.8   12:53  25.9   06:17  32.9   0.0  0.01   2.0  10.7   15:52   NNW
 9  32.9  38.1   13:30  27.1   06:39  31.9   0.0  0.04   1.1   9.8   10:36     N
10  36.4  42.4   13:05  30.9   06:22  28.6   0.0  0.00   1.6  10.7   17:25   NNE
11  36.8  43.0   13:39  31.5   06:48  28.2   0.0  0.01   3.2  15.9   01:58     N
12  27.4  39.0   00:38  22.1   23:37  38.3   0.0  0.00   2.1  11.4   17:26   NNW
13  21.8  26.1   15:19  16.5   06:16  43.2   0.0  0.00   2.7  10.7   00:53   NNW
14  32.4  40.3   14:04  24.3   00:00  32.6   0.0  0.00   2.4   9.8   12:33   ESE
15  39.0  50.5   12:57  30.6   01:40  26.0   0.0  0.00   1.7   6.9   10:54   SSE
16  43.3  52.5   12:11  36.7   02:15  21.7   0.0  0.00   1.3   5.4   12:27   SSW
17  43.0  50.7   23:55  36.5   04:27  21.9   0.0  0.19   1.8   9.2   17:39    NE
18  49.8  58.1   05:35  39.9   23:58  15.2   0.0  0.21   3.2  13.0   05:43   NNE
19  30.7  39.9   00:00  25.0   23:30  34.3   0.0  0.00   5.4  15.2   20:11   NNW
20  25.3  31.6   14:03  20.3   06:49  39.7   0.0  0.00   2.6   9.8   09:46   NNW
21  29.3  39.6   14:46  18.0   07:06  35.7   0.0  0.04   1.0   6.0   10:41    SE
22  36.8  40.3   23:54  32.9   05:28  28.2   0.0  0.19   0.3   5.4   01:35    SE
23  30.9  40.6   00:51  21.2   23:38  34.1   0.0  0.02   4.1  15.2   02:56     N
24  15.1  21.6   00:09  10.8   23:18  49.7   0.0  0.00   7.1  22.8   13:14   NNW
25  16.5  25.0   22:24   7.5   04:28  48.5   0.0  0.00   2.8   8.3   02:09     N
26  28.1  32.0   13:05  24.1   06:46  36.9   0.0  0.72   1.4   6.9   22:48   ENE
27  38.1  49.1   09:36  30.0   23:58  26.9   0.0  0.78   1.9  13.0   05:28     N
28  20.7  30.2   00:53  13.1   23:54  46.1   0.0  0.00   3.1  17.4   13:19   NNW
29  15.0  21.4   13:34  11.1   05:40  49.9   0.0  0.00   1.5   7.6   09:53   NNW
30  16.6  25.0   23:57   6.1   04:44  48.4   0.0  0.00   1.0   9.2   13:19   ENE
----------------------------------------------------------------------------------
    32.9  61.7     1     6.1    30   967.4   0.0  3.37   2.4  25.1     1       N

Max >=  80.0:  0
Max <=  32.0:  8
Min <=  32.0: 22
Min <=   0.0:  0
Max Rain: 0.78 on day 27
Days of Rain: 13 (>= 0.01 in)  8 (>= 0.10 in)  0 (>= 1.00 in)
Heat Base: 65.0  Cool Base: 65.0  Method: Integration