NOAA-Style Climate Reports


Report for 2013 October
                   Monthly Climatological Summary for Oct 2013

Name: East Unity, NH   City: Unity   State: NH
Elevation: 1384 ft  Lat: N 43° 17' 19"   Lon: W 072° 11' 41"

                  Temperature (°F), Rain (in), Wind Speed (mph)

                                      Heat  Cool        Avg
    Mean                              Deg   Deg         Wind                 Dom
Day Temp  High   Time   Low    Time   Days  Days  Rain  Speed High   Time    Dir
----------------------------------------------------------------------------------
 1  58.9  70.3   14:30  47.1   07:21   7.1   1.0  0.00   1.3   9.8   14:38     E
 2  62.0  72.3   13:18  52.9   05:14   4.6   1.7  0.00   2.2   9.2   12:50     S
 3  60.5  69.3   12:32  51.1   07:08   5.2   0.7  0.00   1.9   5.4   02:54   SSW
 4  56.1  62.2   15:47  48.7   05:26   8.9   0.0  0.01   0.6   5.4   13:38     E
 5  57.6  62.4   13:32  54.3   04:26   7.4   0.0  0.00   0.7   6.0   09:58     E
 6  50.2  56.7   00:00  46.2   12:19  14.8   0.0  0.35   2.2   9.8   06:26   ENE
 7  57.7  70.0   16:15  48.7   23:44   7.7   0.4  0.32   2.8  19.0   17:14     E
 8  50.0  57.9   13:57  44.1   22:49  15.0   0.0  0.00   2.1  11.4   09:53    NW
 9  47.1  58.6   14:46  37.0   05:11  17.9   0.0  0.00   1.1   9.2   11:55     E
10  49.6  59.0   15:11  39.4   04:50  15.6   0.0  0.00   0.8   7.6   11:34     E
11  54.8  66.7   15:18  46.4   05:42  10.2   0.1  0.00   1.3   9.8   16:03     E
12  51.0  53.1   13:22  48.6   23:42  14.0   0.0  0.00   2.2  14.5   11:40     E
13  48.6  57.6   15:11  41.5   07:34  16.4   0.0  0.00   1.4   8.3   10:32     E
14  53.7  64.8   14:17  42.3   01:47  11.3   0.0  0.00   1.0   6.9   09:30     E
15  56.4  61.0   14:05  52.0   23:33   8.6   0.0  0.00   1.4   9.2   12:57     E
16  53.4  60.4   14:00  47.5   07:21  11.6   0.0  0.00   1.2   6.9   10:10     E
17  53.8  65.3   13:59  50.4   03:25  11.7   0.0  0.02   2.2  13.0   13:46   ENE
18  52.6  57.7   11:08  45.7   22:22  12.4   0.0  0.24   2.9  13.6   14:33    NE
19  50.5  60.8   13:45  40.8   06:54  14.5   0.0  0.00   2.0   9.8   12:25   SSE
20  46.5  53.8   11:39  40.1   23:35  18.5   0.0  0.06   3.5  19.0   14:01   NNE
21  48.8  60.4   14:39  39.0   05:52  16.1   0.0  0.00   2.2   9.8   12:41     S
22  46.2  53.4   10:24  37.8   23:52  18.8   0.0  0.01   1.9   8.3   10:18   SSE
23  41.4  48.4   14:07  34.7   07:42  23.6   0.0  0.00   1.9   8.3   12:51    NW
24  37.7  43.5   15:00  30.4   07:30  27.3   0.0  0.01   3.5  15.2   11:12    NE
25  35.9  42.3   14:22  31.3   03:52  29.1   0.0  0.00   2.9  12.1   15:28   NNW
26  38.7  45.1   15:48  30.0   02:25  26.3   0.0  0.00   3.2  13.6   12:56    SE
27  41.4  48.9   13:51  34.3   23:08  23.6   0.0  0.00   2.9  13.6   12:19   NNE
28  37.4  49.6   13:00  30.0   23:58  27.6   0.0  0.00   3.2  15.2   13:14   NNW
29  32.3  39.4   14:24  24.4   06:56  32.8   0.0  0.00   1.9   8.3   10:29   SSW
30  35.9  43.2   13:50  30.6   02:32  29.1   0.0  0.01   1.5   8.3   12:24   ESE
31  45.9  57.2   23:44  34.9   04:20  19.1   0.0  0.41   3.1  13.0   21:59   ENE
----------------------------------------------------------------------------------
    48.8  72.3     2    24.4    29   506.8   3.9  1.44   2.0  19.0     7     ENE

Max >=  80.0:  0
Max <=  32.0:  0
Min <=  32.0:  6
Min <=   0.0:  0
Max Rain: 0.41 on day 31
Days of Rain: 10 (>= 0.01 in)  4 (>= 0.10 in)  0 (>= 1.00 in)
Heat Base: 65.0  Cool Base: 65.0  Method: Integration