NOAA-Style Climate Reports


Report for 2013 September
                   Monthly Climatological Summary for Sep 2013

Name: East Unity, NH   City: Unity   State: NH
Elevation: 1384 ft  Lat: N 43° 17' 19"   Lon: W 072° 11' 41"

                  Temperature (°F), Rain (in), Wind Speed (mph)

                                      Heat  Cool        Avg
    Mean                              Deg   Deg         Wind                 Dom
Day Temp  High   Time   Low    Time   Days  Days  Rain  Speed High   Time    Dir
----------------------------------------------------------------------------------
 1  70.7  79.2   13:21  66.4   05:11   0.0   5.7  0.14   0.6   6.0   12:00     E
 2  69.5  75.6   16:07  65.1   06:33   0.0   4.5  0.65   0.5   7.6   12:17    SE
 3  63.9  70.7   11:42  56.7   23:54   2.2   1.0  0.01   0.6   8.3   16:27    SE
 4  63.4  73.6   13:05  55.8   02:14   3.6   2.0  0.00   1.5  12.1   11:15   ESE
 5  57.0  63.5   13:35  46.2   23:20   8.0   0.0  0.00   2.2  13.6   11:42   NNE
 6  52.3  62.8   14:17  41.5   06:27  12.7   0.0  0.00   1.8   7.6   11:59   SSE
 7  56.5  68.4   14:14  48.2   03:15   8.7   0.2  0.02   1.5   7.6   14:17   SSE
 8  55.6  63.1   12:30  47.1   23:41   9.4   0.0  0.01   2.4  15.2   15:49   NNW
 9  53.3  64.9   12:55  42.8   06:29  11.7   0.0  0.00   2.1   7.6   12:59    SE
10  61.4  69.4   15:42  51.3   03:07   4.9   1.3  0.12   1.8   9.2   08:57     E
11  74.8  85.8   13:49  66.0   23:55   0.0   9.8  0.09   1.3  10.7   20:22    SE
12  66.9  75.2   12:55  63.9   17:19   0.2   2.1  0.30   1.3   9.2   14:52    SE
13  60.2  64.6   10:11  52.7   23:21   4.8   0.0  0.06   1.5   8.3   20:01     N
14  53.2  59.4   12:30  50.0   05:58  11.8   0.0  0.01   1.4   8.3   11:23     N
15  53.7  63.7   14:05  43.9   07:03  11.3   0.0  0.00   1.1   7.6   14:30    SE
16  51.1  58.6   14:03  39.2   23:45  13.9   0.0  0.07   2.1  12.1   22:37     N
17  46.6  57.0   13:39  36.0   05:49  18.3   0.0  0.00   2.1  13.0   10:42   ESE
18  53.9  66.2   13:27  42.1   05:38  11.2   0.0  0.00   1.1   5.4   15:37   SSW
19  59.6  72.3   13:35  48.4   04:50   6.8   1.4  0.00   1.2   6.0   10:39     S
20  61.3  74.8   13:33  50.9   05:32   5.7   2.1  0.00   0.9   6.0   13:30   SSE
21  61.1  69.4   12:14  51.8   04:57   4.7   0.8  0.01   3.7  15.9   13:24   ENE
22  56.8  64.8   00:00  44.4   23:59   8.2   0.0  0.24   2.8  14.5   02:11   NNE
23  45.4  51.1   14:20  41.0   05:57  19.6   0.0  0.00   3.1  13.6   13:28   NNW
24  50.0  58.1   15:14  43.3   05:15  14.9   0.0  0.00   2.8  11.4   06:48     N
25  53.5  63.0   15:07  45.9   03:22  11.5   0.0  0.00   2.9  11.4   13:51    NE
26  52.2  60.6   14:18  46.0   05:51  12.7   0.0  0.00   1.3  12.1   10:55    NE
27  52.9  60.6   14:58  47.3   00:00  12.1   0.0  0.00   0.9   6.0   12:13   ESE
28  56.4  68.0   16:20  46.0   06:37   9.0   0.4  0.00   1.0   9.2   13:22     E
29  55.2  68.4   12:31  46.9   07:26   9.9   0.1  0.00   0.9   9.8   15:06     E
30  54.7  66.2   14:34  43.7   06:46  10.4   0.1  0.00   0.9   8.3   12:58    SE
----------------------------------------------------------------------------------
    57.4  85.8    11    36.0    17   258.2  31.5  1.73   1.6  15.9    21     ENE

Max >=  80.0:  1
Max <=  32.0:  0
Min <=  32.0:  0
Min <=   0.0:  0
Max Rain: 0.65 on day 2
Days of Rain: 13 (>= 0.01 in)  5 (>= 0.10 in)  0 (>= 1.00 in)
Heat Base: 65.0  Cool Base: 65.0  Method: Integration