NOAA-Style Climate Reports


Report for 2013 August
                   Monthly Climatological Summary for Aug 2013

Name: East Unity, NH   City: Unity   State: NH
Elevation: 1384 ft  Lat: N 43° 17' 19"   Lon: W 072° 11' 41"

                  Temperature (°F), Rain (in), Wind Speed (mph)

                                      Heat  Cool        Avg
    Mean                              Deg   Deg         Wind                 Dom
Day Temp  High   Time   Low    Time   Days  Days  Rain  Speed High   Time    Dir
----------------------------------------------------------------------------------
 1  65.2  77.2   11:48  58.5   05:28   2.4   2.7  0.20   2.2   9.2   11:03     E
 2  67.0  77.2   12:27  60.6   23:56   1.6   3.6  0.01   1.6   8.3   13:52     E
 3  64.7  75.6   16:07  57.2   03:01   2.9   2.6  0.01   2.0   9.8   13:35   ENE
 4  60.9  70.3   10:44  53.2   23:58   4.7   0.6  0.07   1.1   6.0   08:12    NW
 5  59.3  68.5   15:52  51.1   06:26   6.2   0.5  0.00   2.1   9.8   14:05     N
 6  62.2  73.8   15:40  50.0   05:39   5.0   2.2  0.00   1.2   6.9   12:45     S
 7  64.9  75.6   12:49  55.2   02:54   3.1   3.0  0.00   1.5   9.8   12:00   ESE
 8  70.0  79.2   13:59  62.6   04:30   0.5   5.5  0.00   2.8   8.3   13:08     E
 9  69.6  72.7   15:57  66.6   23:36   0.0   4.6  0.50   1.6  11.4   09:43     E
10  67.0  74.8   12:06  58.1   23:58   1.2   3.2  0.01   1.7   9.8   13:58     N
11  62.6  72.3   13:26  52.3   05:11   4.6   2.2  0.00   1.7   6.0   10:37     S
12  64.9  76.5   13:24  55.4   06:24   3.2   3.1  0.00   1.5   8.3   16:34   SSE
13  63.4  68.7   15:23  59.5   03:47   2.1   0.5  0.53   0.7   5.4   19:40   ESE
14  58.9  67.5   14:54  50.2   06:19   6.2   0.1  0.04   2.3  10.7   14:04   NNE
15  58.7  69.8   12:27  49.1   05:13   7.0   0.6  0.00   2.2   9.2   11:33    SE
16  61.6  73.0   12:40  50.5   05:22   5.1   1.7  0.00   1.8   6.9   11:28     S
17  64.3  75.0   13:10  53.8   06:12   3.6   2.8  0.00   1.2   9.2   13:11     E
18  64.6  74.1   13:29  55.0   06:31   2.9   2.5  0.00   0.5   4.5   15:21   SSE
19  66.3  75.6   15:01  57.9   03:55   2.2   3.5  0.00   1.4   7.6   14:27     S
20  69.0  80.1   13:04  59.9   06:19   1.2   5.2  0.00   1.6   8.3   12:08     S
21  70.5  81.3   12:58  61.9   06:20   0.6   6.1  0.00   1.5   6.9   13:40     S
22  71.0  83.1   13:22  62.4   06:39   0.4   6.4  0.09   1.9   7.6   12:59     S
23  63.9  71.2   13:04  55.6   23:55   2.5   1.3  0.00   2.0  13.0   12:39   NNE
24  61.1  72.1   12:54  48.7   06:43   5.4   1.6  0.00   1.5   8.3   10:47   SSE
25  63.9  75.6   13:38  51.8   04:40   4.1   2.9  0.00   1.3   6.9   13:57   SSE
26  65.8  75.2   12:27  58.6   05:47   1.9   2.8  0.20   1.7  10.7   12:43   ESE
27  70.9  80.2   13:47  64.9   06:52   0.0   5.9  0.01   0.6   6.0   13:55    SE
28  70.5  81.0   14:20  62.1   23:11   0.4   6.0  0.50   1.1  17.4   21:56     E
29  63.1  69.1   14:21  59.5   23:38   2.4   0.5  0.01   1.5   9.2   08:34     E
30  68.2  79.3   13:02  59.5   00:00   1.8   5.0  0.00   1.2   6.0   15:19    SE
31  69.4  76.3   15:30  64.6   06:10   0.0   4.5  0.08   1.1   7.6   15:49   ESE
----------------------------------------------------------------------------------
    65.3  83.1    22    48.7    24    85.2  93.7  2.26   1.5  17.4    28     ESE

Max >=  80.0:  5
Max <=  32.0:  0
Min <=  32.0:  0
Min <=   0.0:  0
Max Rain: 0.53 on day 13
Days of Rain: 14 (>= 0.01 in)  5 (>= 0.10 in)  0 (>= 1.00 in)
Heat Base: 65.0  Cool Base: 65.0  Method: Integration