NOAA-Style Climate Reports


Report for 2013 July
                   Monthly Climatological Summary for Jul 2013

Name: East Unity, NH   City: Unity   State: NH
Elevation: 1384 ft  Lat: N 43° 17' 19"   Lon: W 072° 11' 41"

                  Temperature (°F), Rain (in), Wind Speed (mph)

                                      Heat  Cool        Avg
    Mean                              Deg   Deg         Wind                 Dom
Day Temp  High   Time   Low    Time   Days  Days  Rain  Speed High   Time    Dir
----------------------------------------------------------------------------------
 1  70.1  75.4   15:18  66.6   05:22   0.0   5.1  0.08   0.8   7.6   15:28     E
 2  70.2  80.4   16:00  61.7   23:58   0.3   5.5  0.34   1.5  11.4   15:39     E
 3  71.8  81.3   13:37  60.8   02:22   0.8   7.6  0.07   1.2   6.0   14:51   SSE
 4  76.8  86.2   11:38  68.5   04:52   0.0  11.8  0.00   1.4   6.9   11:11    SE
 5  77.6  87.8   12:53  69.6   04:48   0.0  12.6  0.01   1.3   8.3   11:25   SSE
 6  74.6  83.3   15:31  68.0   23:44   0.0   9.6  0.01   1.4   7.6   08:43    SE
 7  74.3  85.1   16:48  66.0   03:38   0.0   9.3  0.01   1.0   6.0   15:22   SSE
 8  72.9  82.0   11:25  67.5   23:29   0.0   7.9  0.12   1.2   9.2   18:40   ENE
 9  68.9  79.3   12:58  63.1   04:40   0.3   4.2  0.00   1.2  10.7   16:12   ENE
10  70.1  79.5   14:11  65.5   05:23   0.0   5.1  0.33   1.6   9.2   16:41     E
11  71.7  79.9   13:40  63.0   23:50   6.7   0.0  0.00   1.1   6.9   16:00   NNW
12  66.6  76.8   13:43  60.3   05:10   2.2   3.8  0.00   1.9  11.4   10:24     E
13  65.6  75.7   16:09  59.4   05:06   1.4   1.9  0.05   0.4   4.5   11:03     E
14  74.0  83.3   17:05  66.6   02:57   0.0   8.9  0.00   0.7   5.4   11:50    SE
15  78.0  86.9   15:47  68.7   05:07   0.0  13.0  0.00   1.5   6.9   12:17   NNW
16  77.8  86.4   13:26  70.7   04:15   0.0  12.8  0.00   1.6  11.4   12:04     N
17  78.0  88.0   12:21  67.8   05:48   0.0  13.0  0.00   1.3   8.3   14:58     S
18  77.6  89.1   12:49  68.5   22:43   0.0  12.6  0.30   1.2  10.7   17:58   ESE
19  77.7  88.3   13:19  68.4   00:10   0.0  12.6  0.05   2.1  13.6   12:45    SE
20  72.1  83.5   11:52  64.4   23:32   0.0   7.1  0.14   2.2  11.4   15:32   ESE
21  69.2  78.6   15:59  61.9   04:15   0.6   4.8  0.00   1.1   6.9   09:28   SSE
22  66.1  74.8   17:14  59.4   03:37   1.6   2.8  0.56   1.7   9.8   14:37   ENE
23  65.7  73.2   17:30  62.2   04:00   0.7   0.0  1.32   0.8   6.0   05:25   ENE
24  65.7  74.7   09:47  51.1   23:51   1.9   2.6  0.01   2.0  10.7   20:25     N
25  58.0  68.0   12:56  46.9   05:37   7.3   0.4  0.00   1.4   9.8   13:22   ENE
26  61.6  67.8   15:39  58.5   09:36   3.8   0.3  0.06   1.1   8.3   09:15    NE
27  67.1  78.1   13:00  55.9   05:22   2.6   4.7  0.00   1.1   6.0   13:12   SSE
28  67.7  77.9   13:14  59.2   04:11   1.5   4.2  0.01   1.2   8.3   11:28   ESE
29  69.8  79.9   12:40  61.2   23:55   0.4   5.1  0.01   1.3   6.9   11:36    SE
30  65.4  74.1   16:01  56.8   04:27   2.2   2.7  0.00   1.7   6.0   13:43   WSW
31  67.1  77.2   12:39  59.0   04:58   2.0   4.0  0.00   1.5   6.9   12:28   SSE
----------------------------------------------------------------------------------
    70.6  89.1    18    46.9    25    36.3 196.0  3.48   1.3  13.6    19     ESE

Max >=  80.0: 14
Max <=  32.0:  0
Min <=  32.0:  0
Min <=   0.0:  0
Max Rain: 1.32 on day 23
Days of Rain: 18 (>= 0.01 in)  7 (>= 0.10 in)  1 (>= 1.00 in)
Heat Base: 65.0  Cool Base: 65.0  Method: Integration