NOAA-Style Climate Reports


Report for 2013 June
                   Monthly Climatological Summary for Jun 2013

Name: East Unity, NH   City: Unity   State: NH
Elevation: 1384 ft  Lat: N 43° 17' 19"   Lon: W 072° 11' 41"

                  Temperature (°F), Rain (in), Wind Speed (mph)

                                      Heat  Cool        Avg
    Mean                              Deg   Deg         Wind                 Dom
Day Temp  High   Time   Low    Time   Days  Days  Rain  Speed High   Time    Dir
----------------------------------------------------------------------------------
 1  76.3  89.1   13:03  65.5   05:21   0.0  11.3  0.00   2.0   9.8   12:37    SE
 2  71.8  86.5   12:25  64.0   21:44   0.0   6.9  0.78   2.1  11.4   12:25     E
 3  64.0  73.8   12:54  50.5   23:54   2.9   1.9  0.01   1.7   9.2   16:12     E
 4  54.8  65.1   17:14  44.6   03:53  10.1   0.0  0.00   2.8  13.0   14:12     N
 5  59.3  70.5   16:33  48.2   04:12   6.7   1.0  0.00   1.8   9.2   12:06    NE
 6  59.6  68.9   13:49  48.9   05:39   6.1   0.7  0.05   1.7   9.8   09:44   ENE
 7  49.7  52.5   00:00  47.7   11:44  15.1   0.0  1.17   3.5  20.6   20:45   ENE
 8  57.8  70.0   13:26  48.6   00:56   7.6   0.4  0.34   2.9  15.2   01:52   ENE
 9  62.6  72.9   15:40  53.4   05:25   4.4   2.0  0.00   1.8   7.6   12:03     E
10  60.5  69.3   11:08  53.2   04:59   5.1   0.6  0.14   1.5   8.3   23:56   ESE
11  53.9  57.2   14:52  51.8   07:28  11.1   0.0  0.85   2.9  15.2   04:50   ENE
12  56.1  62.2   17:21  51.8   07:07   8.9   0.0  0.08   3.2  13.6   15:03   NNW
13  55.0  62.1   08:39  49.3   05:45  10.1   0.0  0.28   0.9   6.0   12:52     E
14  60.2  73.0   16:40  49.8   06:17   6.3   1.6  0.02   2.0   9.8   14:26   NNE
15  63.3  72.7   16:14  53.4   05:24   3.9   2.1  0.00   2.3   8.3   10:31     S
16  60.4  71.6   12:17  52.0   05:24   5.4   0.8  0.00   1.6   8.3   12:08    SE
17  63.4  78.4   12:05  54.3   04:43   4.1   2.4  0.19   1.7  10.7   14:42    SE
18  55.5  59.5   10:59  50.7   23:56   9.5   0.0  0.14   0.5   9.2   12:19   ENE
19  58.2  69.8   16:34  48.4   05:27   7.3   0.6  0.00   1.7  10.7   11:10   NNE
20  61.7  74.5   16:22  46.4   05:12   5.8   2.5  0.00   1.6   7.6   11:03    SE
21  67.3  79.2   16:42  54.3   06:04   2.9   5.2  0.00   1.6   6.0   11:34   SSE
22  69.6  79.3   14:58  58.3   05:34   1.2   5.9  0.00   1.3   9.2   14:42   ESE
23  67.3  77.5   12:14  63.0   05:56   0.3   1.9  0.21   0.8   5.4   05:19    SE
24  73.8  86.4   14:30  65.3   05:37   0.0   8.8  0.01   1.4   7.6   09:47   ESE
25  72.5  85.3   13:24  64.6   05:31   0.0   7.5  0.28   1.5   9.8   13:56   ESE
26  66.9  73.0   12:56  63.0   22:45   0.3   2.2  0.45   0.2   5.4   13:30     E
27  68.0  78.4   13:14  61.2   04:02   0.9   4.0  0.00   1.5   9.8   16:54   ENE
28  64.2  75.9   17:07  56.1   06:23   3.0   2.1  1.32   2.9  16.8   03:16     E
29  70.3  79.2   16:21  63.3   00:28   0.2   5.5  0.14   1.3   8.3   13:46   ESE
30  71.2  81.1   12:10  64.8   05:55   0.0   6.2  0.06   1.2   6.0   10:06    SE
----------------------------------------------------------------------------------
    63.2  89.1     1    44.6     4   139.2  84.1  6.52   1.8  20.6     7       E

Max >=  80.0:  5
Max <=  32.0:  0
Min <=  32.0:  0
Min <=   0.0:  0
Max Rain: 1.32 on day 28
Days of Rain: 19 (>= 0.01 in)  13 (>= 0.10 in)  2 (>= 1.00 in)
Heat Base: 65.0  Cool Base: 65.0  Method: Integration