NOAA-Style Climate Reports


Report for 2013 May
                   Monthly Climatological Summary for May 2013

Name: East Unity, NH   City: Unity   State: NH
Elevation: 1384 ft  Lat: N 43° 17' 19"   Lon: W 072° 11' 41"

                  Temperature (°F), Rain (in), Wind Speed (mph)

                                      Heat  Cool        Avg
    Mean                              Deg   Deg         Wind                 Dom
Day Temp  High   Time   Low    Time   Days  Days  Rain  Speed High   Time    Dir
----------------------------------------------------------------------------------
 1  59.0  73.4   16:02  43.3   05:52   8.0   2.0  0.00   2.7  22.8   15:45   ESE
 2  59.2  78.4   13:42  45.9   04:50   8.8   3.0  0.00   3.4  17.4   17:16     E
 3  52.1  64.9   15:26  39.4   05:13  12.8   0.0  0.00   3.9  16.8   14:44     E
 4  56.1  70.0   15:35  43.3   05:20   0.0   8.9  0.00   3.8  25.1   15:15     E
 5  53.7  70.7   15:05  36.1   05:49  12.4   1.0  0.00   2.6  13.6   15:12     E
 6  57.7  75.6   15:57  38.3   04:16   9.7   2.5  0.00   1.9  12.1   15:08    NE
 7  64.0  79.7   14:15  45.9   05:30   0.0   1.0  0.00   2.2  11.4   12:30     E
 8  60.6  71.4   10:40  52.3   04:37   5.1   0.8  0.54   2.4  14.5   10:11     E
 9  59.3  67.6   11:37  54.0   23:16   5.8   0.1  0.47   1.2   7.6   11:08     E
10  61.7  74.1   14:29  49.1   05:29   5.3   2.0  0.00   1.6   8.3   09:50   ENE
11  59.4  64.6   10:32  55.9   06:20   5.6   0.0  0.39   2.7   9.2   07:56     E
12  52.8  62.8   11:50  39.7   23:58  12.2   0.0  0.00   2.1  13.6   18:39    NE
13  41.2  49.8   14:55  36.5   03:19  23.8   0.0  0.00   4.2  13.0   14:15   ENE
14  43.4  51.3   16:26  35.4   03:00  21.6   0.0  0.00   2.7  12.1   12:34   NNW
15  48.1  63.7   12:21  36.0   05:52  16.8   0.0  0.17   3.2   9.8   11:42     E
16  61.1  73.2   14:38  44.1   05:45   5.6   2.2  0.01   4.4  19.0   13:54    NE
17  52.7  63.5   16:42  43.2   04:20  12.3   0.0  0.00   3.2  14.5   12:18   NNE
18  57.1  68.7   12:06  43.2   04:16   8.6   0.7  0.00   1.4  13.0   11:41     E
19  54.1  69.1   11:56  42.3   05:45  11.2   0.3  0.09   2.2  10.7   12:26     E
20  62.0  73.8   15:32  52.2   01:21   5.2   2.2  0.01   2.1   7.6   13:02   ENE
21  63.5  79.5   15:55  49.1   22:25   0.0   1.5  0.57   2.6  16.8   21:05     E
22  58.8  73.0   14:48  49.6   00:58   7.5   1.3  0.71   1.7   8.3   14:20   ENE
23  63.1  73.4   12:07  52.0   04:37   3.8   1.9  0.06   2.5  10.7   12:20     E
24  54.1  63.5   09:30  42.1   22:55  10.9   0.0  0.38   2.6  11.4   15:13   NNE
25  39.3  42.8   12:09  33.1   23:32  25.7   0.0  0.98   4.6  15.9   10:50     N
26  41.8  50.7   16:33  33.3   00:00  23.2   0.0  0.05   4.5  12.1   02:21   NNW
27  51.5  65.5   17:17  33.8   03:52  13.5   0.0  0.00   2.5  10.7   11:12     N
28  58.0  70.2   14:37  41.9   05:27   8.2   1.2  0.00   1.4   7.6   14:27   ESE
29  56.7  63.0   17:02  50.7   08:02   8.3   0.0  0.40   0.7   5.4   11:51     E
30  70.3  81.9   17:36  58.6   04:44   1.7   7.0  0.00   1.7   9.2   11:16   ENE
31  75.6  87.8   13:08  63.3   05:29   0.1  10.7  0.00   2.0   9.2   13:19     S
----------------------------------------------------------------------------------
    56.4  87.8    31    33.1    25   293.7  50.3  4.83   2.6  25.1     4     ENE

Max >=  80.0:  2
Max <=  32.0:  0
Min <=  32.0:  0
Min <=   0.0:  0
Max Rain: 0.98 on day 25
Days of Rain: 14 (>= 0.01 in)  9 (>= 0.10 in)  0 (>= 1.00 in)
Heat Base: 65.0  Cool Base: 65.0  Method: Integration