NOAA-Style Climate Reports


Report for 2013 April
                   Monthly Climatological Summary for Apr 2013

Name: East Unity, NH   City: Unity   State: NH
Elevation: 1384 ft  Lat: N 43° 17' 19"   Lon: W 072° 11' 41"

                  Temperature (°F), Rain (in), Wind Speed (mph)

                                      Heat  Cool        Avg
    Mean                              Deg   Deg         Wind                 Dom
Day Temp  High   Time   Low    Time   Days  Days  Rain  Speed High   Time    Dir
----------------------------------------------------------------------------------
 1  36.6  51.3   13:23  26.1   23:52  28.4   0.0  0.31   3.0  20.6   20:38     N
 2  26.0  38.8   18:52  20.7   06:25  39.0   0.0  0.00   3.6  15.9   13:30     N
 3  28.7  37.8   15:25  20.8   06:08  36.3   0.0  0.00   6.9  18.3   08:03     N
 4  35.7  53.4   14:26  22.1   06:30  29.3   0.0  0.00   3.7  13.0   17:49   NNW
 5  38.7  52.7   13:09  29.8   23:37  26.3   0.0  0.00   4.3  15.9   14:40   NNW
 6  29.5  36.7   16:06  19.8   07:30  35.5   0.0  0.00   6.2  20.6   08:01     N
 7  39.4  52.5   16:23  26.2   02:00  25.6   0.0  0.00   3.9  17.4   14:05   ENE
 8  45.9  55.2   17:18  37.2   02:22  19.1   0.0  0.00   3.3  15.2   11:03     N
 9  48.1  58.1   15:40  38.7   06:55  16.9   0.0  0.26   3.0  15.2   12:25   NNW
10  45.6  52.7   16:48  41.4   07:02  19.4   0.0  0.81   1.7   9.2   19:42    NE
11  36.8  41.9   00:00  32.5   20:41  28.3   0.0  0.11   2.8  11.4   13:25   NNE
12  29.7  33.3   20:38  26.8   10:03  35.3   0.0  0.78   0.1   6.9   02:56   ESE
13  37.4  48.4   16:13  29.3   01:03  27.6   0.0  0.00   1.6  13.0   12:20    NW
14  38.0  46.6   15:58  33.1   23:53  27.0   0.0  0.01   3.2  15.2   11:13   NNW
15  42.9  59.5   15:25  29.8   06:41  22.1   0.0  0.00   2.1  10.7   15:32   SSE
16  48.3  62.1   12:45  37.0   05:08  16.6   0.0  0.12   4.5  19.7   12:09     E
17  48.5  57.0   14:29  41.0   06:38  16.4   0.0  0.00   4.6  20.6   14:43     N
18  48.6  61.0   14:58  34.0   04:44  16.4   0.0  0.00   4.1  15.9   20:21    SE
19  59.2  70.0   15:02  47.8   03:47   6.6   0.8  0.20   5.4  19.0   12:59     E
20  43.0  56.3   00:00  32.2   23:54  22.0   0.0  0.41   5.0  18.3   16:55     N
21  36.4  45.5   16:15  28.6   05:32  28.6   0.0  0.00   4.8  18.3   16:35     N
22  39.4  52.0   14:35  30.7   05:51  25.6   0.0  0.00   4.1  20.6   15:23   ESE
23  33.9  36.7   14:21  30.7   02:41  31.1   0.0  0.00   4.7  13.6   07:43     E
24  53.3  72.5   15:52  36.0   00:00  13.0   1.3  0.01   3.1  13.6   15:57   ENE
25  47.9  54.7   16:05  40.6   06:13  17.4   0.0  0.02   4.9  16.8   08:18     N
26  47.1  57.4   12:05  36.5   04:08  17.9   0.0  0.00   2.7  17.4   09:01   ESE
27  50.8  61.9   16:05  38.1   04:33  14.2   0.0  0.00   2.3  12.1   14:26   NNE
28  55.3  69.3   15:50  39.7   04:36   9.5   0.7  0.00   2.2  11.4   16:05   ENE
29  54.9  67.1   13:58  43.2   05:31  10.1   0.1  0.00   3.1  13.6   10:36     E
30  58.1  70.3   14:11  47.8   05:48   8.0   1.1  0.00   2.4  14.5   15:33    SE
----------------------------------------------------------------------------------
    42.8  72.5    24    19.8     6   669.5   4.0  3.04   3.6  20.6     1     NNE

Max >=  80.0:  0
Max <=  32.0:  0
Min <=  32.0: 13
Min <=   0.0:  0
Max Rain: 0.81 on day 10
Days of Rain: 11 (>= 0.01 in)  8 (>= 0.10 in)  0 (>= 1.00 in)
Heat Base: 65.0  Cool Base: 65.0  Method: Integration