NOAA-Style Climate Reports


Report for 2013 March
                   Monthly Climatological Summary for Mar 2013

Name: East Unity, NH   City: Unity   State: NH
Elevation: 1384 ft  Lat: N 43° 17' 19"   Lon: W 072° 11' 41"

                  Temperature (°F), Rain (in), Wind Speed (mph)

                                      Heat  Cool        Avg
    Mean                              Deg   Deg         Wind                 Dom
Day Temp  High   Time   Low    Time   Days  Days  Rain  Speed High   Time    Dir
----------------------------------------------------------------------------------
 1  31.5  34.7   14:02  28.2   23:15  34.2   0.0  0.00   5.1  14.5   09:27     N
 2  28.7  32.9   14:21  24.1   23:58  36.3   0.0  0.00   5.1  13.6   16:42     N
 3  26.5  32.5   14:06  21.4   06:29  38.5   0.0  0.07   3.6  10.7   13:10     N
 4  25.4  32.2   13:39  21.2   06:26  39.6   0.0  0.00   4.7  15.2   14:45     N
 5  30.6  39.6   14:11  23.5   03:30  34.4   0.0  0.02   3.4  10.7   12:35     N
 6  30.6  33.1   11:16  27.3   23:29  34.4   0.0  0.05   9.6  27.3   22:38     E
 7  28.7  33.8   14:42  25.7   03:53  36.3   0.0  0.15   8.8  23.5   09:35   ENE
 8  30.5  37.4   15:05  25.2   06:01  34.5   0.0  0.04   4.3  20.6   09:56    NE
 9  37.8  50.5   13:58  25.9   05:31  27.2   0.0  0.00   2.6  11.4   13:24   ENE
10  38.3  50.7   14:34  26.1   07:52  25.6   0.0  0.00   2.1   9.8   11:35   SSW
11  38.9  46.9   13:14  32.5   07:12  26.1   0.0  0.00   2.8  13.0   12:34     E
12  43.5  46.4   16:12  37.8   23:58  21.5   0.0  0.73   3.6  11.4   23:56     N
13  35.0  42.1   15:11  29.1   23:20  30.0   0.0  0.01   3.2  11.4   12:09   NNW
14  23.6  29.3   00:00  14.4   23:49  41.2   0.0  0.00   5.2  13.0   10:03     N
15  22.6  33.3   14:11  11.7   05:15  42.4   0.0  0.03   3.8  14.5   14:48     N
16  24.3  29.8   12:47  17.8   07:11  40.7   0.0  0.00   3.4  10.7   04:14   NNW
17  21.1  27.7   12:12  13.8   23:48  43.9   0.0  0.00   4.3  17.4   12:19   NNW
18  22.1  34.3   15:17   9.3   06:10  42.9   0.0  0.25   2.5   8.3   09:53   ESE
19  25.5  29.8   11:48  21.0   23:41  39.5   0.0  0.42   5.6  31.1   15:12     E
20  24.8  32.4   13:49  18.9   07:38  40.2   0.0  0.00   3.4  24.4   18:00   NNE
21  25.5  36.7   13:14  15.3   06:28  40.0   0.0  0.00   3.0  10.7   14:56    NW
22  26.4  37.0   14:36  16.3   06:49  38.6   0.0  0.00   3.3  12.1   14:08   NNW
23  28.1  35.4   16:20  20.3   03:26  36.9   0.0  0.00   5.7  21.3   15:05   NNW
24  31.6  39.4   14:18  27.5   06:36  33.4   0.0  0.00   4.5  18.3   11:04     N
25  31.8  38.5   13:33  24.6   06:26  33.8   0.0  0.00   4.2  20.6   16:48     E
26  35.0  42.8   14:24  29.7   05:53  30.0   0.0  0.00   4.0  16.8   10:57     N
27  36.6  45.9   12:50  27.3   06:09  28.4   0.0  0.02   4.6  20.6   12:16     N
28  37.4  45.1   14:31  31.3   05:41  27.5   0.0  0.00   2.4  13.0   14:33     N
29  39.7  48.7   11:53  34.3   07:33  25.6   0.0  0.00   2.9  13.6   15:01   NNW
30  39.8  48.7   12:32  30.4   05:41  25.2   0.0  0.00   3.1  15.9   13:11   NNW
31  41.5  52.5   13:49  30.2   06:14  23.9   0.0  0.19   2.4  13.6   13:08   SSW
----------------------------------------------------------------------------------
    31.1  52.5    31     9.3    18  1052.7   0.0  1.98   4.1  31.1    19     NNE

Max >=  80.0:  0
Max <=  32.0:  4
Min <=  32.0: 28
Min <=   0.0:  0
Max Rain: 0.73 on day 12
Days of Rain: 12 (>= 0.01 in)  5 (>= 0.10 in)  0 (>= 1.00 in)
Heat Base: 65.0  Cool Base: 65.0  Method: Integration