NOAA-Style Climate Reports


Report for 2013 February
                   Monthly Climatological Summary for Feb 2013

Name: East Unity, NH   City: Unity   State: NH
Elevation: 1384 ft  Lat: N 43° 17' 19"   Lon: W 072° 11' 41"

                  Temperature (°F), Rain (in), Wind Speed (mph)

                                      Heat  Cool        Avg
    Mean                              Deg   Deg         Wind                 Dom
Day Temp  High   Time   Low    Time   Days  Days  Rain  Speed High   Time    Dir
----------------------------------------------------------------------------------
 1  18.2  22.8   00:02  11.8   23:44  46.8   0.0  0.00   5.3  22.8   01:17   NNE
 2  14.5  20.3   14:54   6.4   07:23  50.5   0.0  0.00   2.0   9.2   03:40   ENE
 3  18.4  24.4   13:28  10.8   07:37  46.4   0.0  0.00   1.4  12.1   10:18     E
 4  16.3  21.4   14:36  11.7   22:59  48.8   0.0  0.00   5.1  20.6   10:13   NNE
 5  15.4  22.5   15:12   6.3   05:49  49.6   0.0  0.00   1.6   7.6   10:44   NNW
 6  22.4  29.8   13:40  12.4   23:56  42.6   0.0  0.00   3.3  12.1   15:47   NNE
 7  13.3  19.4   16:08   5.2   07:29  51.7   0.0  0.00   2.3   9.8   12:22    NE
 8  15.9  18.7   14:12  12.4   22:55  49.1   0.0  0.74   8.3  28.9   21:55   ESE
 9  11.1  15.8   14:56   7.7   08:17  53.9   0.0  0.00   9.4  26.6   15:01    NE
10  17.2  27.7   15:33   5.5   06:17  47.8   0.0  0.00   2.9  15.2   01:06    NE
11  27.1  33.4   11:32  19.6   02:07  37.9   0.0  0.15   1.4  10.7   07:53   ENE
12  32.5  36.5   11:21  29.5   07:02  32.5   0.0  0.00   2.2  14.5   10:07   NNE
13  29.3  35.2   11:15  25.3   05:48  35.7   0.0  0.00   1.5   8.3   10:02    NW
14  29.3  35.8   11:44  23.9   04:43  35.6   0.0  0.00   2.1   9.2   11:45   NNW
15  33.5  44.6   14:44  25.9   01:51  31.5   0.0  0.01   2.6  14.5   11:36   WSW
16  27.4  32.5   13:37  18.1   23:52  37.6   0.0  0.00   3.8  20.6   23:04    NE
17  12.9  18.1   00:00   7.7   23:39  52.1   0.0  0.00  10.0  23.5   17:30   NNE
18  13.3  21.4   16:32   3.4   06:40  51.2   0.0  0.00   6.3  19.0   13:58     N
19  28.3  41.0   13:30  13.3   03:26  36.7   0.0  0.19   2.2  12.1   13:40   SSW
20  24.8  32.7   00:00  17.8   23:48  40.2   0.0  0.00   2.3  18.3   15:43   NNE
21  18.3  22.1   11:46  13.6   08:07  46.7   0.0  0.00   5.9  17.4   14:57   NNE
22  27.1  35.8   15:06  18.5   06:08  37.7   0.0  0.00   2.9  13.0   00:14   ENE
23  28.8  32.0   10:52  26.2   00:39  35.6   0.0  0.12   2.1   9.8   07:55   SSE
24  29.9  32.2   12:21  27.9   23:00  35.1   0.0  0.16   0.2   6.9   11:03     E
25  29.9  33.3   15:37  26.6   06:45  35.1   0.0  0.00   0.0   0.0   00:00     E
26  31.9  39.7   11:47  26.6   06:29  33.1   0.0  0.12   2.0  13.6   22:51   ESE
27  30.5  32.9   12:22  27.9   23:24  35.2   0.0  0.61   5.3  22.8   10:54     E
28  32.2  37.4   13:46  26.2   05:35  32.8   0.0  0.00   0.8   6.0   23:41   ENE
----------------------------------------------------------------------------------
    23.2  44.6    15     3.4    18  1169.5   0.0  2.10   3.4  28.9     8      NE

Max >=  80.0:  0
Max <=  32.0: 14
Min <=  32.0: 28
Min <=   0.0:  0
Max Rain: 0.74 on day 8
Days of Rain: 8 (>= 0.01 in)  7 (>= 0.10 in)  0 (>= 1.00 in)
Heat Base: 65.0  Cool Base: 65.0  Method: Integration