NOAA-Style Climate Reports


Report for 2013 January
                   Monthly Climatological Summary for Jan 2013

Name: East Unity, NH   City: Unity   State: NH
Elevation: 1384 ft  Lat: N 43° 17' 19"   Lon: W 072° 11' 41"

                  Temperature (°F), Rain (in), Wind Speed (mph)

                                      Heat  Cool        Avg
    Mean                              Deg   Deg         Wind                 Dom
Day Temp  High   Time   Low    Time   Days  Days  Rain  Speed High   Time    Dir
----------------------------------------------------------------------------------
 1  19.9  28.2   01:35   5.7   23:52  45.1   0.0  0.00   4.5  19.0   07:23     N
 2   8.9  19.6   11:45  -3.6   23:56  56.0   0.0  0.00   3.8  19.7   20:11   NNE
 3   4.3  12.7   14:03  -4.9   01:48  60.7   0.0  0.00   2.2  12.1   03:39   NNE
 4  22.4  31.1   12:51   8.8   00:00  41.0   0.0  0.00   3.7  17.4   12:03   NNE
 5  25.6  30.2   10:25  18.1   23:56  28.5   0.0  0.01   3.9  15.2   12:11     N
 6  26.8  33.6   13:50  16.9   00:25  37.6   0.0  0.00   1.8  12.1   14:47   SSW
 7  24.0  32.0   04:28  16.2   21:49  41.0   0.0  0.00   3.0  16.8   06:23   NNE
 8  27.0  36.5   14:13  16.5   00:13  38.0   0.0  0.00   2.4   9.2   10:17    SW
 9  31.3  38.7   22:22  23.7   07:46  33.5   0.0  0.00   2.5  14.5   23:28     N
10  33.2  36.5   10:47  27.3   23:53  31.8   0.0  0.00   6.1  20.6   11:17   NNE
11  30.4  36.9   12:55  24.1   08:04  33.4   0.0  0.13   1.4   8.3   12:58     S
12  36.0  42.4   14:11  31.6   03:49  28.9   0.0  0.00   1.1   5.4   17:47     E
13  39.2  44.1   14:38  33.4   07:09  25.8   0.0  0.00   1.8   9.2   19:06   WNW
14  40.3  49.6   11:22  30.4   23:50  24.7   0.0  0.00   3.1  15.2   11:40   NNW
15  29.0  32.0   13:19  26.4   23:17  36.0   0.0  0.07   1.0   7.6   14:36   NNE
16  26.9  29.3   13:40  25.2   06:07  38.1   0.0  0.26   0.2   4.5   09:32    SE
17  24.9  33.4   11:57  15.1   23:57  39.7   0.0  0.00   1.4  12.1   15:05   NNE
18   9.0  15.1   00:00   1.0   07:31  54.1   0.0  0.00   2.9  11.4   01:59     N
19  27.7  36.9   14:37  14.4   00:00  37.3   0.0  0.00   2.9   9.8   04:23     S
20  30.3  40.5   10:35  16.3   23:58  34.7   0.0  0.00   5.7  22.8   13:31    NE
21  14.9  21.0   14:53   8.1   07:39  49.8   0.0  0.06   2.4  13.0   02:57   NNE
22  10.2  15.1   12:21   0.5   23:27  54.2   0.0  0.03   2.5  15.2   11:56   NNE
23  -1.7   2.1   01:52  -8.9   23:58  66.7   0.0  0.00   4.2  19.7   12:41     N
24  -1.5   7.5   14:27 -11.4   06:54  66.2   0.0  0.00   5.0  20.6   22:44     N
25   3.4  13.1   15:31  -4.0   06:41  48.0   0.0  0.01   2.5   9.2   00:12     N
26   7.2  14.0   14:58   2.3   06:54  52.0   0.0  0.00   4.8  15.2   13:43   NNE
27  10.3  20.3   14:48   3.7   07:38  55.0   0.0  0.00   2.2   8.3   14:57   NNW
28  15.4  22.6   13:47   7.2   06:39  48.5   0.0  0.46   0.9   6.9   13:29   ESE
29  24.8  31.5   14:51  17.2   00:47  40.2   0.0  0.04   1.0   6.0   11:09   ESE
30  41.5  49.5   19:36  31.5   00:00  23.5   0.0  0.86   3.7  13.0   15:10    SE
31  37.8  55.0   05:17  22.6   23:47  27.2   0.0  0.17   6.0  24.4   08:16   NNE
----------------------------------------------------------------------------------
    21.9  55.0    31   -11.4    24  1297.2   0.0  2.10   2.9  24.4    31     NNE

Max >=  80.0:  0
Max <=  32.0: 18
Min <=  32.0: 30
Min <=   0.0:  5
Max Rain: 0.86 on day 30
Days of Rain: 11 (>= 0.01 in)  5 (>= 0.10 in)  0 (>= 1.00 in)
Heat Base: 65.0  Cool Base: 65.0  Method: Integration