NOAA-Style Climate Reports


Report for 2013
                   Annual Climatological Summary for 2013

Name: East Unity, NH   City: Unity   State: NH
Elevation: 1384 ft  Lat: N 43° 17' 19"   Lon: W 072° 11' 41"

                  Temperature (°F), Heat Base: 65.0  Cool Base: 65.0
                          Dep.  Heat  Cool                       Max  Max  Min  Min
        Mean  Mean        From  Deg   Deg                        >=   <=   <=   <=
 YR MO  Max   Min   Mean  Norm  Days  Days  Hi  Date  Low  Date 80.0 32.0 32.0   0.0
------------------------------------------------------------------------------------
 13  1  29.4  13.3  21.9   1.3  1297     0  55.0  31 -11.4   24    0   18   30    5
 13  2  29.3  16.7  23.2  -1.1  1169     0  44.6  15   3.4   18    0   14   28    0
 13  3  38.7  23.9  31.1  -2.0  1052     0  52.5  31   9.3   18    0    4   28    0
 13  4  53.8  33.3  42.8  -2.3   669     3  72.5  24  19.8    6    0    0   13    0
 13  5  68.3  44.6  56.4   0.6   293    50  87.8  31  33.1   25    2    0    0    0
 13  6  73.2  54.9  63.2  -1.7   139    84  89.1   1  44.6    4    5    0    0    0
 13  7  80.1  62.8  70.6   0.6    36   196  89.1  18  46.9   25   14    0    0    0
 13  8  74.9  57.0  65.3  -3.2    85    93  83.1  22  48.7   24    5    0    0    0
 13  9  66.6  49.0  57.4  -2.6   258    31  85.8  11  36.0   17    1    0    0    0
 13 10  57.1  41.4  48.8   0.6   506     3  72.3   2  24.4   29    0    0    6    0
 13 11  40.5  25.6  32.9  -5.4   967     0  61.7   1   6.1   30    0    8   22    0
 13 12  30.2  16.8  23.7  -3.1  1278     0  51.3  22  -7.6   17    0   17   30    3
------------------------------------------------------------------------------------
        53.5  36.6  44.8  -1.5  7754   463  89.1 Jun -11.4  Jan   27   61  157    8

                                Precipitation (in)

              Dep.   Max        Days of Rain
              From   Obs.           >=
 YR MO Total  Norm   Day Date 0.01 0.10 1.00
---------------------------------------------
 13  1  2.10 -0.60  0.86  30    11    5    0
 13  2  2.10 -0.52  0.74   8     8    7    0
 13  3  1.98 -1.29  0.73  12    12    5    0
 13  4  3.04 -0.37  0.81  10    11    8    0
 13  5  4.83  1.17  0.98  25    14    9    0
 13  6  6.52  2.83  1.32  28    19   13    2
 13  7  3.48 -0.26  1.32  23    18    7    1
 13  8  2.26 -0.92  0.53  13    14    5    0
 13  9  1.73 -1.65  0.65   2    13    5    0
 13 10  1.44 -2.60  0.41  31    10    4    0
 13 11  3.37 -0.35  0.78  27    13    8    0
 13 12  3.29  0.09  1.12  29    15    9    1
---------------------------------------------
       36.14 -4.47  1.32  Jun  158   85    4

                                Wind Speed (mph)
                          Dom
 YR MO   Avg.  Hi   Date  Dir
------------------------------
 13  1   2.9  24.4   31   NNE
 13  2   3.4  28.9    8    NE
 13  3   4.1  31.1   19   NNE
 13  4   3.6  20.6    1   NNE
 13  5   2.6  25.1    4   ENE
 13  6   1.8  20.6    7     E
 13  7   1.3  13.6   19   ESE
 13  8   1.5  17.4   28   ESE
 13  9   1.6  15.9   21   ENE
 13 10   2.0  19.0    7     E
 13 11   2.4  25.1    1     N
 13 12   1.3  16.8   15   NNE
------------------------------
         2.4  31.1  Mar    NE