NOAA-Style Climate Reports


Report for 2012 December
                   Monthly Climatological Summary for Dec 2012

Name: East Unity, NH   City: Unity   State: NH
Elevation: 1384 ft  Lat: N 43° 17' 19"   Lon: W 072° 11' 41"

                  Temperature (°F), Rain (in), Wind Speed (mph)

                                      Heat  Cool        Avg
    Mean                              Deg   Deg         Wind                 Dom
Day Temp  High   Time   Low    Time   Days  Days  Rain  Speed High   Time    Dir
----------------------------------------------------------------------------------
 1  22.2  26.4   13:43  17.4   01:46  42.8   0.0  0.00   1.0   4.5   11:37   ENE
 2  36.5  43.7   13:26  25.5   01:46  28.5   0.0  0.24   2.6  12.1   17:16     E
 3  41.9  46.4   11:16  32.0   23:59  23.1   0.0  0.00   1.8   8.3   06:22   NNW
 4  40.5  51.6   23:41  29.3   03:38  24.5   0.0  0.01   2.4  18.3   20:34   ENE
 5  38.7  52.0   00:59  24.8   23:54  26.3   0.0  0.21   5.2  23.5   21:00   NNE
 6  25.1  29.7   13:43  21.2   07:10  39.9   0.0  0.00   3.8  16.8   03:29   NNE
 7  29.6  34.0   13:08  22.6   01:53  35.4   0.0  0.01   1.5  11.4   12:42   ESE
 8  34.0  38.8   23:50  31.6   06:55  31.0   0.0  0.00   0.2   4.5   20:38   ESE
 9  35.4  40.3   01:56  30.6   18:43  29.6   0.0  0.00   1.8   9.8   11:29   NNE
10  40.7  47.3   20:17  33.3   01:09  24.3   0.0  0.00   1.8  12.1   00:53    SE
11  33.5  41.0   00:00  26.4   23:58  31.5   0.0  0.00   2.3  12.1   12:10   NNE
12  27.7  34.3   13:53  22.8   06:28  37.3   0.0  0.00   0.4   9.2   14:37     E
13  29.0  34.5   12:49  23.5   07:37  36.0   0.0  0.00   0.3   5.4   12:39    SW
14  30.7  37.8   13:43  22.1   07:52  34.3   0.0  0.00   1.7  13.0   12:17    NW
15  27.7  34.3   00:00  21.7   22:32  37.3   0.0  0.00   1.8   9.8   12:34    NE
16  22.2  23.9   00:53  20.7   17:14  42.8   0.0  0.00   2.4   9.8   02:34    SE
17  28.4  34.3   23:59  23.0   00:00  36.6   0.0  0.00   5.2  21.3   23:23   ESE
18  35.4  37.8   10:22  33.3   01:54  29.6   0.0  0.00   3.2  20.6   01:38   ESE
19  33.6  35.8   00:00  31.3   22:10  31.4   0.0  0.00   3.8  15.9   14:17   NNE
20  31.1  33.8   14:23  28.6   06:07  33.9   0.0  0.00   0.9   7.6   21:37    SE
21  35.3  46.0   14:35  30.0   00:42  29.7   0.0  0.00   5.0  26.6   10:33    SE
22  26.7  32.7   00:00  20.3   19:41  38.2   0.0  0.00   2.7  17.4   21:40   NNE
23  24.9  31.1   14:25  18.3   03:34  40.1   0.0  0.00   3.5  13.6   00:43   NNE
24  24.8  29.1   00:00  20.7   07:29  40.2   0.0  0.00   2.2  10.7   03:30     N
25  21.8  26.6   14:09  15.8   23:54  43.2   0.0  0.00   1.9  11.4   22:11   NNE
26  19.3  25.9   17:13   9.7   08:07  45.7   0.0  0.00   3.2  22.8   23:04    SE
27  25.2  28.9   12:13  21.2   22:31  39.8   0.0  0.00   9.0  31.1   10:58     E
28  22.6  26.2   13:59  19.2   04:27  42.4   0.0  0.00   3.2  15.2   03:30   NNE
29  21.3  23.7   16:14  17.2   07:11  44.3   0.0  0.00   0.5   6.0   10:21     E
30  16.9  21.9   00:33  10.4   21:32  48.8   0.0  0.00   3.9  15.9   12:10   NNE
31  20.7  27.7   15:41  10.6   00:04  45.2   0.0  0.00   2.4   8.3   01:24    SW
----------------------------------------------------------------------------------
    29.1  52.0     5     9.7    26  1113.7   0.0  0.47   2.6  31.1    27     ENE

Max >=  80.0:  0
Max <=  32.0: 12
Min <=  32.0: 29
Min <=   0.0:  0
Max Rain: 0.24 on day 2
Days of Rain: 4 (>= 0.01 in)  2 (>= 0.10 in)  0 (>= 1.00 in)
Heat Base: 65.0  Cool Base: 65.0  Method: Integration