NOAA-Style Climate Reports


Report for 2012 November
                   Monthly Climatological Summary for Nov 2012

Name: East Unity, NH   City: Unity   State: NH
Elevation: 1384 ft  Lat: N 43° 17' 19"   Lon: W 072° 11' 41"

                  Temperature (°F), Rain (in), Wind Speed (mph)

                                      Heat  Cool        Avg
    Mean                              Deg   Deg         Wind                 Dom
Day Temp  High   Time   Low    Time   Days  Days  Rain  Speed High   Time    Dir
----------------------------------------------------------------------------------
 1  41.9  45.3   12:22  39.0   08:01  23.1   0.0  0.00   0.8   6.9   13:09   SSE
 2  40.6  45.5   12:21  36.5   07:25  24.4   0.0  0.00   2.0   9.2   10:21   NNE
 3  38.7  42.3   12:37  36.5   07:34  26.3   0.0  0.00   3.0  10.7   16:32   NNE
 4  35.7  38.3   10:47  30.4   23:52  30.5   0.0  0.00   5.0  13.0   01:14   NNE
 5  30.1  33.8   11:42  25.2   23:27  34.9   0.0  0.00   4.4  13.6   09:33   NNE
 6  27.3  33.1   14:26  22.8   06:07  37.7   0.0  0.00   1.7  13.0   09:29   NNE
 7  26.8  30.9   23:51  21.4   02:31  38.2   0.0  0.00   5.5  20.6   09:46     E
 8  31.4  34.0   12:23  29.1   03:44  33.6   0.0  0.00   6.6  19.0   10:06    NE
 9  36.6  43.7   13:56  29.8   06:53  28.4   0.0  0.00   4.9  15.9   01:12   NNE
10  39.2  44.6   14:23  35.2   21:18  25.8   0.0  0.00   1.9  13.6   11:51   NNE
11  47.3  55.8   14:47  37.6   00:17  17.7   0.0  0.00   1.9  12.1   10:56   SSE
12  52.5  61.2   13:29  43.2   06:07  12.5   0.0  0.00   2.5  14.5   22:16   SSE
13  42.2  59.7   02:10  29.7   23:31  22.9   0.0  0.48   3.8  19.7   02:39   NNE
14  31.0  37.0   14:31  26.6   06:53  34.0   0.0  0.00   1.4  15.2   11:25   ENE
15  29.7  36.9   13:31  22.6   06:49  35.3   0.0  0.00   0.6   6.9   09:38   ENE
16  31.1  36.7   14:44  24.6   04:37  33.9   0.0  0.00   1.4   6.9   09:58   NNE
17  33.4  39.0   14:10  28.4   06:40  31.6   0.0  0.00   1.6  12.1   09:38    NE
18  32.2  41.0   12:46  23.7   07:29  32.8   0.0  0.00   0.6   6.0   11:05     S
19  32.5  41.7   13:48  24.6   06:42  32.5   0.0  0.00   0.4   5.4   10:32   ESE
20  33.9  44.1   13:01  25.3   04:37  31.1   0.0  0.00   0.5   6.0   10:24     E
21  37.0  44.6   14:29  32.7   06:20  28.0   0.0  0.00   0.5   6.9   13:07     E
22  39.3  49.8   13:32  31.1   06:57  25.6   0.0  0.00   0.5   5.4   09:21   WSW
23  42.5  52.5   15:07  32.5   06:52  22.5   0.0  0.00   1.6   9.2   17:45     W
24  33.6  42.1   00:00  24.6   23:48  31.4   0.0  0.01   4.8  15.9   11:17   NNE
25  26.9  31.1   14:12  23.9   07:25  38.1   0.0  0.00   5.2  15.2   03:09   NNE
26  30.4  36.7   12:09  26.1   00:20  34.6   0.0  0.00   2.0  13.0   12:11    NE
27  28.6  33.8   12:49  24.6   03:02  36.4   0.0  0.00   0.9   4.5   11:01     S
28  26.9  33.1   12:37  22.8   06:23  38.1   0.0  0.00   1.2   8.3   17:56    SE
29  30.3  37.8   21:32  24.1   06:38  34.7   0.0  0.00   4.0  16.8   19:03    NE
30  19.9  26.6   00:00  15.3   08:07  45.1   0.0  0.00   3.8  13.6   00:25   ENE
----------------------------------------------------------------------------------
    34.3  61.2    12    15.3    30   921.7   0.0  0.49   2.5  20.6     7      NE

Max >=  80.0:  0
Max <=  32.0:  3
Min <=  32.0: 22
Min <=   0.0:  0
Max Rain: 0.48 on day 13
Days of Rain: 2 (>= 0.01 in)  1 (>= 0.10 in)  0 (>= 1.00 in)
Heat Base: 65.0  Cool Base: 65.0  Method: Integration