NOAA-Style Climate Reports


Report for 2012 October
                   Monthly Climatological Summary for Oct 2012

Name: East Unity, NH   City: Unity   State: NH
Elevation: 1384 ft  Lat: N 43° 17' 19"   Lon: W 072° 11' 41"

                  Temperature (°F), Rain (in), Wind Speed (mph)

                                      Heat  Cool        Avg
    Mean                              Deg   Deg         Wind                 Dom
Day Temp  High   Time   Low    Time   Days  Days  Rain  Speed High   Time    Dir
----------------------------------------------------------------------------------
 1  51.1  54.7   17:05  47.8   04:27  13.9   0.0  0.07   0.5  11.4   10:38     E
 2  55.2  63.0   12:30  50.4   01:12   8.8   0.0  0.02   0.0   4.5   15:25   ESE
 3  58.4  61.5   14:17  55.9   00:00   6.0   0.0  0.00   0.0   3.8   11:10    NE
 4  59.8  61.3   16:59  58.3   23:55   2.9   0.0  0.08   0.0   4.5   14:16   ENE
 5  60.3  70.2   14:00  52.5   06:08   5.6   0.9  0.01   0.0   5.4   12:09     S
 6  57.0  68.5   13:08  45.3   23:50   8.3   0.4  0.09   0.0   2.2   09:16     E
 7  45.1  50.9   15:56  40.5   04:35  19.9   0.0  0.21   0.0   0.0   00:00     E
 8  44.0  52.0   14:59  38.8   07:36  20.5   0.0  0.04   0.0   0.0   00:00     E
 9  44.7  51.1   14:31  38.1   04:31  18.9   0.0  0.00   0.1   8.3   23:13   ENE
10  48.8  53.2   16:54  44.4   23:43  16.2   0.0  0.09   0.6  14.5   14:43   ENE
11  43.4  50.4   13:12  38.3   23:54  21.6   0.0  0.01   2.3  14.5   12:57   NNE
12  39.5  45.0   14:31  29.7   23:51  25.5   0.0  0.08   3.5  14.5   14:22   NNW
13  37.0  45.9   14:19  27.3   06:39  27.9   0.0  0.00   1.7  10.7   12:55   NNW
14  46.7  54.9   22:14  36.0   01:16  18.3   0.0  0.41   2.8   9.2   15:24    NE
15  58.1  66.9   13:59  50.9   01:43   7.0   0.0  0.38   2.5  14.5   10:18     E
16  44.4  54.1   00:00  35.6   23:56  20.6   0.0  0.00   2.9  13.6   12:42   NNW
17  44.7  55.6   14:35  33.3   04:13  20.3   0.0  0.00   0.8  11.4   10:14    NE
18  51.2  63.0   14:07  41.7   05:30  13.4   0.1  0.00   1.3   9.2   10:48   ENE
19  54.0  59.7   18:58  45.5   00:00  11.0   0.0  0.58   2.9  19.0   14:24     E
20  59.6  68.5   14:08  46.2   23:34   5.7   0.3  0.08   0.9   9.2   20:03    SE
21  47.3  54.7   12:49  39.6   07:24  17.7   0.0  0.00   2.4  15.2   12:42     N
22  50.3  58.5   15:20  43.3   04:14  14.7   0.0  0.00   3.3  15.2   11:57    NW
23  48.6  57.7   15:31  42.8   06:40  16.4   0.0  0.00   1.6   8.3   14:27    NW
24  46.2  55.9   14:39  37.2   06:43  18.8   0.0  0.00   1.0   7.6   12:50   ENE
25  51.4  59.7   14:09  44.6   04:49  13.6   0.0  0.00   0.9   8.3   13:24     E
26  53.2  62.2   14:32  48.0   01:29  11.8   0.0  0.00   1.3   7.6   15:49   ENE
27  53.0  59.7   14:47  48.9   06:43  12.0   0.0  0.00   0.5   6.0   15:25   ENE
28  49.5  52.7   00:57  45.3   22:54  15.5   0.0  0.00   5.5  19.7   23:27   ENE
29  50.8  57.7   23:02  45.5   00:00  14.2   0.0  4.39  14.7  41.2   19:06     E
30  56.3  61.7   14:41  50.5   22:41   8.7   0.0  1.63   4.3  18.3   03:24   SSE
31  47.5  52.5   08:13  40.3   22:25  17.5   0.0  0.05   1.2  12.1   05:06    SE
----------------------------------------------------------------------------------
    50.2  70.2     5    27.3    13   453.2   1.7  8.22   2.0  41.2    29     ENE

Max >=  80.0:  0
Max <=  32.0:  0
Min <=  32.0:  2
Min <=   0.0:  0
Max Rain: 4.39 on day 29
Days of Rain: 17 (>= 0.01 in)  6 (>= 0.10 in)  2 (>= 1.00 in)
Heat Base: 65.0  Cool Base: 65.0  Method: Integration