NOAA-Style Climate Reports


Report for 2012 September
                   Monthly Climatological Summary for Sep 2012

Name: East Unity, NH   City: Unity   State: NH
Elevation: 1384 ft  Lat: N 43° 17' 19"   Lon: W 072° 11' 41"

                  Temperature (°F), Rain (in), Wind Speed (mph)

                                      Heat  Cool        Avg
    Mean                              Deg   Deg         Wind                 Dom
Day Temp  High   Time   Low    Time   Days  Days  Rain  Speed High   Time    Dir
----------------------------------------------------------------------------------
 1  70.7  82.0   14:16  61.3   23:51   0.3   6.0  0.00   0.5   7.6   10:21   ENE
 2  65.4  77.4   15:50  57.6   23:58   2.3   2.7  0.00   0.6  12.1   13:46   ENE
 3  64.5  79.2   14:38  52.3   05:58   4.2   3.7  0.00   0.4   9.8   11:48    NE
 4  61.9  65.1   14:26  56.5   06:31   3.1   0.0  0.11   0.2   7.6   02:57    NE
 5  68.5  73.9   14:57  62.2   23:59   0.3   3.8  0.13   0.6  10.7   13:27    NE
 6  65.9  77.2   15:54  59.0   06:57   1.4   2.2  0.00   0.3   8.3   19:57   ENE
 7  70.0  82.6   13:58  62.1   04:40   0.6   5.5  0.00   0.3   6.0   12:28    SE
 8  69.0  80.8   13:23  57.9   23:50   1.3   5.2  1.01   1.1  16.8   18:31     N
 9  59.7  71.6   14:58  52.0   06:27   6.2   0.9  0.02   0.3  13.0   14:02    NE
10  54.4  61.2   14:31  48.2   06:55  10.6   0.0  0.00   1.0  14.5   14:42     N
11  55.7  70.2   15:39  43.7   06:46   9.0   0.5  0.00   0.5   8.3   09:35   ENE
12  61.7  75.2   13:31  48.6   04:53   6.0   2.6  0.00   0.3   5.4   10:39     E
13  64.9  77.7   13:51  53.8   05:16   3.7   3.6  0.00   0.4   6.0   13:58    SE
14  66.0  79.2   12:27  55.8   05:25   3.0   4.0  0.00   0.3   8.3   11:53    SE
15  58.5  65.5   14:06  50.2   23:58   6.5   0.0  0.01   0.9  11.4   16:35     N
16  52.9  62.1   13:38  44.8   06:53  12.1   0.0  0.00   0.6   9.2   13:29     E
17  58.4  71.1   13:43  44.8   04:08   7.9   1.3  0.00   0.4   6.9   12:38    SE
18  60.7  67.6   21:14  52.3   04:31   4.8   0.4  1.58   1.0  15.9   17:34    NE
19  56.4  64.8   00:00  46.2   23:54   8.6   0.0  0.08   0.3  10.7   03:01   NNE
20  50.1  60.6   15:49  39.2   06:12  14.9   0.0  0.00   0.5  11.4   10:38   ENE
21  54.0  66.4   13:50  45.0   00:54  10.8   0.0  0.00   0.4   8.3   13:03     E
22  56.5  68.0   15:40  44.4   07:18   8.8   0.3  0.38   0.4  13.6   15:10   ENE
23  53.1  61.2   14:05  43.3   23:08  11.9   0.0  0.02   0.4   8.3   12:25   NNE
24  47.5  59.2   13:24  38.5   05:50  17.5   0.0  0.00   0.3   8.3   14:37    SE
25  51.3  64.0   13:23  39.0   06:31  13.7   0.0  0.00   0.6  12.1   11:53    SE
26  57.8  64.8   13:42  51.3   01:59   7.2   0.0  0.01   0.5   8.3   10:46     E
27  53.2  58.5   13:16  44.8   23:53  11.8   0.0  0.25   0.5  11.4   11:18     N
28  46.1  49.1   15:37  42.1   04:07  18.9   0.0  1.07   0.6  15.9   22:32   ENE
29  50.4  54.0   15:08  47.5   05:36  14.6   0.0  0.06   0.4   9.8   00:12   ENE
30  51.0  55.8   13:44  46.6   22:15  13.9   0.0  0.28   0.1   6.0   14:23     E
----------------------------------------------------------------------------------
    58.5  82.6     7    38.5    24   235.9  42.7  5.01   0.5  16.8     8     ENE

Max >=  80.0:  3
Max <=  32.0:  0
Min <=  32.0:  0
Min <=   0.0:  0
Max Rain: 1.58 on day 18
Days of Rain: 14 (>= 0.01 in)  8 (>= 0.10 in)  3 (>= 1.00 in)
Heat Base: 65.0  Cool Base: 65.0  Method: Integration