NOAA-Style Climate Reports


Report for 2012 August
                   Monthly Climatological Summary for Aug 2012

Name: East Unity, NH   City: Unity   State: NH
Elevation: 1384 ft  Lat: N 43° 17' 19"   Lon: W 072° 11' 41"

                  Temperature (°F), Rain (in), Wind Speed (mph)

                                      Heat  Cool        Avg
    Mean                              Deg   Deg         Wind                 Dom
Day Temp  High   Time   Low    Time   Days  Days  Rain  Speed High   Time    Dir
----------------------------------------------------------------------------------
 1  69.1  81.0   16:09  59.7   04:49   1.1   5.2  0.00   0.4   6.9   09:11   ENE
 2  73.1  84.0   12:38  64.4   05:27   0.0   8.2  0.00   0.4   6.9   14:26   ESE
 3  74.9  84.9   16:13  64.6   05:29   0.0   9.9  0.00   0.5   7.6   13:01    SE
 4  75.8  88.9   13:10  66.4   05:50   0.0  10.8  0.00   0.5   9.2   15:58     E
 5  73.9  86.2   13:57  66.0   01:09   0.0   8.9  0.64   1.3  12.1   11:58   ENE
 6  67.8  75.0   12:29  59.7   23:44   0.5   3.4  0.01   0.5   6.0   11:52   NNE
 7  68.0  81.0   16:09  56.7   06:06   2.2   5.2  0.00   0.5   6.9   13:48   ESE
 8  72.0  83.8   15:34  59.2   05:57   1.1   8.0  0.00   0.5   6.0   12:19   SSE
 9  72.4  83.7   13:48  64.2   05:44   0.0   7.4  0.01   0.2   6.0   12:12   ENE
10  70.1  80.1   12:05  66.0   21:56   0.0   5.1  0.60   0.3   9.8   10:58     E
11  69.4  77.5   14:33  64.0   05:33   0.1   4.4  0.45   0.2   6.9   20:47   ENE
12  71.3  81.7   14:41  65.5   03:56   0.2   6.3  0.01   0.3   6.9   05:56   SSE
13  69.3  77.7   13:02  61.0   04:44   0.6   4.9  0.00   0.5   7.6   09:14   ESE
14  69.1  79.9   12:33  60.6   06:19   0.8   4.9  0.00   0.2   5.4   10:17   ESE
15  69.8  79.9   14:00  63.3   01:51   0.2   4.9  0.04   0.2   5.4   13:14   ESE
16  68.9  78.6   13:51  63.0   23:28   0.3   4.3  0.00   0.7   8.3   13:45   NNE
17  69.2  82.2   15:33  59.4   05:48   1.3   5.5  0.05   0.5   8.3   12:33   ESE
18  65.0  75.0   13:14  59.4   06:44   2.2   2.2  0.05   0.4   6.9   11:40     E
19  62.3  71.8   12:47  53.4   04:46   4.3   1.6  0.00   0.5   9.2   10:28     E
20  64.7  77.0   13:02  53.1   06:07   3.8   3.4  0.01   0.4   7.6   14:11   ENE
21  66.7  77.0   12:51  59.2   06:38   1.6   3.3  0.00   0.5   6.0   12:31     E
22  66.8  78.8   14:06  54.9   06:07   2.4   4.2  0.00   0.4   7.6   13:23    SE
23  69.5  81.3   14:59  57.9   06:23   1.6   6.0  0.00   0.5   8.3   13:20    SE
24  70.9  84.4   15:34  59.7   06:44   0.8   6.6  0.00   0.4   6.0   09:58   ESE
25  69.6  81.5   15:37  62.2   06:30   0.8   5.4  0.00   0.4   9.8   15:00   NNE
26  69.5  85.6   13:31  57.7   05:33   1.9   6.4  0.00   0.3   6.9   18:15   ENE
27  69.5  84.0   13:46  55.9   05:39   1.8   6.3  0.00   0.8   9.2   11:29    NE
28  69.8  80.6   13:11  59.2   23:51   0.4   5.2  0.21   0.6  11.4   16:02   NNE
29  60.9  73.0   14:52  51.3   05:10   5.5   1.4  0.00   0.8  13.0   11:41    NE
30  63.7  79.0   15:33  52.2   06:50   4.5   3.2  0.00   1.0  11.4   13:24     E
31  70.6  83.1   13:23  60.8   00:54   1.3   6.9  0.00   0.9  11.4   11:18   ENE
----------------------------------------------------------------------------------
    69.1  88.9     4    51.3    29    41.3 169.4  2.08   0.5  13.0    29       E

Max >=  80.0: 18
Max <=  32.0:  0
Min <=  32.0:  0
Min <=   0.0:  0
Max Rain: 0.64 on day 5
Days of Rain: 11 (>= 0.01 in)  4 (>= 0.10 in)  0 (>= 1.00 in)
Heat Base: 65.0  Cool Base: 65.0  Method: Integration