NOAA-Style Climate Reports


Report for 2012 July
                   Monthly Climatological Summary for Jul 2012

Name: East Unity, NH   City: Unity   State: NH
Elevation: 1384 ft  Lat: N 43° 17' 19"   Lon: W 072° 11' 41"

                  Temperature (°F), Rain (in), Wind Speed (mph)

                                      Heat  Cool        Avg
    Mean                              Deg   Deg         Wind                 Dom
Day Temp  High   Time   Low    Time   Days  Days  Rain  Speed High   Time    Dir
----------------------------------------------------------------------------------
18  68.8  74.5   19:07  63.3   23:54   0.0   0.8  0.00   1.1   9.8   21:19   ENE
19  67.4  79.5   11:58  54.7   05:30   2.3   4.7  0.00  ----   9.2   18:20    NE
20  64.5  77.0   16:47  55.6   05:32   3.3   2.8  0.00  ----   7.6   12:16     E
21  72.3  78.8   13:31  63.0   23:31   0.1   4.0  0.00  ----   9.2   16:08     E
22  71.4  83.8   16:12  58.3   05:32   1.4   7.8  0.00  ----   7.6   13:11     E
23  72.5  83.3   14:41  63.7   06:52   0.1   7.6  0.93  ----   7.6   10:43   ESE
24  70.8  82.0   12:28  62.1   23:53   0.2   6.0  0.15  ----  13.0   18:28     N
25  66.1  75.7   12:49  57.7   05:00   2.0   3.1  0.00  ----  12.1   16:47     N
26  65.6  72.3   14:14  60.8   02:26   1.1   1.8  0.43  ----   5.4   09:29     E
27  69.1  72.7   16:00  65.7   10:00   4.1   0.0  0.07  ----   6.0   10:40     E
28  66.9  76.3   10:49  60.3   04:29   0.6   2.5  0.26  ----   6.9   10:34     E
29  65.0  72.5   15:39  59.7   23:23   1.3   1.3  0.01  ----  10.7   16:26   ENE
30  68.4  80.8   13:39  55.8   04:59   2.3   5.7  0.00  ----   7.6   16:21     E
31  69.6  81.7   13:53  60.6   05:13   1.0   5.6  0.00  ----   9.2   13:19   ENE
----------------------------------------------------------------------------------
    68.5  83.8    22    54.7    19    19.8  53.7  1.85   1.1  13.0    24     ENE

Max >=  80.0:  5
Max <=  32.0:  0
Min <=  32.0:  0
Min <=   0.0:  0
Max Rain: 0.93 on day 23
Days of Rain: 6 (>= 0.01 in)  4 (>= 0.10 in)  0 (>= 1.00 in)
Heat Base: 65.0  Cool Base: 65.0  Method: Integration