NOAA-Style Climate Reports

Select a Year or Month report
2019: Jan Feb Mar Apr May Jun Jul Aug Sep Oct Nov Dec
2018: Jan Feb Mar Apr May Jun Jul Aug Sep Oct Nov Dec
2017: Jan Feb Mar Apr May Jun Jul Aug Sep Oct Nov Dec
2016: Jan Feb Mar Apr May Jun Jul Aug Sep Oct Nov Dec
2015: Jan Feb Mar Apr May Jun Jul Aug Sep Oct Nov Dec
2014: Jan Feb Mar Apr May Jun Jul Aug Sep Oct Nov Dec
2013: Jan Feb Mar Apr May Jun Jul Aug Sep Oct Nov Dec
2012: Jan Feb Mar Apr May Jun Jul Aug Sep Oct Nov Dec

Report for 2019 March
                   Monthly Climatological Summary for Mar 2019

Name: East Unity, NH   City: Unity   State: NH
Elevation: 1384 ft  Lat: N 43° 17' 19"   Lon: W 072° 11' 41"

                  Temperature (°F), Rain (in), Wind Speed (mph)

                                      Heat  Cool        Avg
    Mean                              Deg   Deg         Wind                 Dom
Day Temp  High   Time   Low    Time   Days  Days  Rain  Speed High   Time    Dir
----------------------------------------------------------------------------------
 1  20.9  33.0   13:56   8.8   03:57  44.1   0.0  0.00   0.3   9.0   11:23     W
 2  25.8  31.1   14:56  20.7   04:21  39.1   0.0  0.00   0.9  12.0   12:17    NE
 3  28.6  33.2   13:23  24.3   00:00  36.4   0.0  0.10   0.8  11.0   10:09   NNW
 4  25.5  30.3   14:32  12.3   23:37  39.5   0.0  0.16   2.1  18.0   19:34    NW
 5  13.5  21.6   13:36   5.4   06:32  51.5   0.0  0.00   1.2  12.0   10:07    NW
 6   9.8  16.9   12:03   3.1   06:32  55.0   0.0  0.00   2.3  25.0   13:33    NW
 7  10.2  19.8   14:16   0.3   06:18  54.7   0.0  0.00   2.0  15.0   14:20    NW
 8  18.7  32.7   13:33   6.1   06:23  46.3   0.0  0.00   0.8   9.0   09:40    SW
 9  26.6  37.8   13:26  16.4   01:46  38.4   0.0  0.00   1.5  13.0   09:44     N
10  28.0  31.4   17:27  24.9   08:30  35.4   0.0  0.20   2.0  13.0   09:17   ESE
11  33.5  38.5   12:00  29.2   23:50  31.5   0.0  0.00   2.5  21.0   17:17   NNW
12  28.9  34.6   14:41  24.4   23:58  36.1   0.0  0.00   3.5  17.0   12:30    NW
13  29.6  42.2   13:47  16.8   07:29  35.3   0.0  0.03   0.5   8.0   11:41     W
14  37.8  47.6   15:58  30.8   06:23  27.2   0.0  0.00   0.7  10.0   17:10    SE
15  46.3  53.6   14:46  40.8   00:00  18.7   0.0  0.06   1.1  12.0   11:23    NE
16  35.7  43.0   00:00  28.7   23:51  29.3   0.0  0.00   3.9  26.0   11:44    NW
17  25.9  30.1   14:17  21.7   23:48  39.1   0.0  0.00   3.6  17.0   05:20    NW
18  25.1  32.8   15:49  18.2   02:43  39.9   0.0  0.00   1.8  20.0   14:22    NW
19  27.5  35.3   13:16  20.9   06:52  37.5   0.0  0.00   1.3  16.0   15:19   NNW
20  33.5  46.9   13:46  20.6   05:50  31.5   0.0  0.00   0.7  13.0   13:01     W
21  37.2  45.9   12:07  30.6   03:22  27.8   0.0  0.00   1.0  12.0   10:53   SSE
22  32.9  35.3   00:00  31.8   23:50  32.1   0.0  0.30   3.9  20.0   18:14     N
----------------------------------------------------------------------------------
    27.3  53.6    15     0.3     7   826.4   0.0  0.85   1.7  26.0    16     NNW

Max >=  80.0:  0
Max <=  32.0:  7
Min <=  32.0: 21
Min <=   0.0:  0
Max Rain: 0.30 on day 22
Days of Rain: 6 (>= 0.01 in)  4 (>= 0.10 in)  0 (>= 1.00 in)
Heat Base: 65.0  Cool Base: 65.0  Method: Integration