NOAA-Style Climate Reports


Report for 2019 August
                   Monthly Climatological Summary for Aug 2019

Name: East Unity, NH   City: Unity   State: NH
Elevation: 1384 ft  Lat: N 43° 17' 19"   Lon: W 072° 11' 41"

                  Temperature (°F), Rain (in), Wind Speed (mph)

                                      Heat  Cool        Avg
    Mean                              Deg   Deg         Wind                 Dom
Day Temp  High   Time   Low    Time   Days  Days  Rain  Speed High   Time    Dir
----------------------------------------------------------------------------------
 1  68.8  75.3   15:32  63.3   06:07   0.2   4.1  0.00   0.6  13.0   10:29   NNW
 2  68.1  77.1   11:19  55.5   06:11   1.9   5.1  0.00   0.3   7.0   11:33   NNE
 3  69.7  78.7   16:22  60.9   05:48   0.8   5.4  0.00   0.5   9.0   15:57   NNE
 4  68.2  74.6   15:29  60.1   23:57   0.4   3.7  0.00   0.7  11.0   15:38   NNW
 5  65.5  75.4   15:43  54.4   05:37   2.9   3.4  0.00   0.4   9.0   13:36   NNW
 6  69.7  80.6   14:25  58.1   03:49   1.8   6.4  0.00   0.6   9.0   10:14    NE
 7  69.4  78.1   14:25  64.8   03:52   0.0   4.4  0.03   0.5   7.0   11:07    NE
 8  68.5  76.8   15:25  62.7   23:32   0.1   3.6  0.02   0.5  10.0   14:06   NNE
 9  66.5  74.5   13:48  59.8   04:18   1.7   3.2  0.00   0.7  12.0   09:42     N
10  61.1  68.3   15:59  54.0   23:44   4.3   0.4  0.01   0.9  13.0   14:12    NW
11  62.5  71.1   17:06  53.0   06:27   4.1   1.6  0.00   0.9  12.0   13:24    NW
12  67.9  77.7   15:42  56.1   06:16   2.2   5.1  0.00   0.5  10.0   13:28     N
13  70.4  75.7   16:14  64.8   06:41   0.0   5.4  0.00   0.3   8.0   14:40    NE
14  68.7  76.1   16:08  60.0   06:20   0.8   4.5  0.00   0.5   8.0   16:29   NNE
15  67.6  76.3   15:15  57.8   06:18   1.6   4.2  0.00   0.3   7.0   10:09   NNE
16  68.2  74.1   15:26  62.3   06:16   0.4   3.6  0.00   0.2   7.0   02:46   NNE
17  69.8  78.7   14:10  63.1   23:58   0.1   4.9  0.40   0.6  12.0   19:42   ENE
18  69.8  78.4   15:43  62.7   06:59   0.7   5.5  0.10   0.3   7.0   11:39     N
19  71.2  80.8   13:14  63.5   05:40   0.2   6.4  0.03   0.5  13.0   15:00   NNE
20  70.2  77.8   15:25  61.9   06:22   0.4   5.6  0.00   0.5   9.0   02:52    NW
21  66.2  69.8   19:45  62.9   07:15   0.5   1.7  0.65   0.1   9.0   13:07   SSE
22  68.3  76.3   13:15  62.2   05:42   0.6   3.9  0.05   0.4  10.0   14:52   NNE
23  62.9  69.1   13:15  57.2   05:38   3.1   0.9  0.02   0.6   9.0   09:12    NW
----------------------------------------------------------------------------------
    67.8  80.8    19    53.0    11    28.8  93.0  1.31   0.5  13.0     1       N

Max >=  80.0:  2
Max <=  32.0:  0
Min <=  32.0:  0
Min <=   0.0:  0
Max Rain: 0.65 on day 21
Days of Rain: 9 (>= 0.01 in)  3 (>= 0.10 in)  0 (>= 1.00 in)
Heat Base: 65.0  Cool Base: 65.0  Method: Integration